{"id":798,"date":"2023-05-15T21:10:42","date_gmt":"2023-05-15T21:10:42","guid":{"rendered":"https:\/\/www.sslwrp.goleniow.net.pl\/?page_id=798"},"modified":"2024-03-22T21:19:30","modified_gmt":"2024-03-22T21:19:30","slug":"jacek-cebrzynski","status":"publish","type":"page","link":"https:\/\/www.sslwrp.goleniow.net.pl\/?page_id=798","title":{"rendered":"Jacek Cebrzy\u0144ski"},"content":{"rendered":"<div class=\"wp-block-image\">\n<figure class=\"aligncenter size-large is-resized\"><img loading=\"lazy\" decoding=\"async\" width=\"776\" height=\"1024\" src=\"https:\/\/www.sslwrp.goleniow.net.pl\/wp-content\/uploads\/2023\/05\/JacekC-776x1024.jpg\" alt=\"\" class=\"wp-image-788\" style=\"width:176px;height:auto\" srcset=\"https:\/\/www.sslwrp.goleniow.net.pl\/wp-content\/uploads\/2023\/05\/JacekC-776x1024.jpg 776w, https:\/\/www.sslwrp.goleniow.net.pl\/wp-content\/uploads\/2023\/05\/JacekC-227x300.jpg 227w, https:\/\/www.sslwrp.goleniow.net.pl\/wp-content\/uploads\/2023\/05\/JacekC-768x1014.jpg 768w, https:\/\/www.sslwrp.goleniow.net.pl\/wp-content\/uploads\/2023\/05\/JacekC-1164x1536.jpg 1164w, https:\/\/www.sslwrp.goleniow.net.pl\/wp-content\/uploads\/2023\/05\/JacekC-1170x1544.jpg 1170w, https:\/\/www.sslwrp.goleniow.net.pl\/wp-content\/uploads\/2023\/05\/JacekC.jpg 1250w\" sizes=\"auto, (max-width: 776px) 100vw, 776px\" \/><\/figure>\n<\/div>\n\n\n<p><strong><em>W dniu 3 maja 2023 r. w wieku 85 lat zmar\u0142 pp\u0142k pilot Jacek Cebrzy\u0144ski.<\/em><\/strong><\/p>\n\n\n\n<p><strong><em>Uroczysto\u015bci pogrzebowe odb\u0119d\u0105 si\u0119 w poniedzia\u0142ek 8 maja br.<\/em><\/strong><\/p>\n\n\n\n<p><strong><em>Msza \u017ca\u0142obna zostanie odprawiona w Ko\u015bciele \u015bwi\u0119tej Katarzyny w Goleniowie o godz 13:00 ,<\/em><\/strong><\/p>\n\n\n\n<p><strong><em>wystawienie zmar\u0142ego w Kaplicy na cmentarzu w Goleniowie od godz 14:00<\/em>&nbsp;<em>do 14:30.<\/em><\/strong><\/p>\n\n\n\n<p><strong><em>Po wystawieniu pochowanie zmar\u0142ego na cmentarzu w Goleniowie.<\/em><\/strong><\/p>\n\n\n<div class=\"wp-block-image\">\n<figure class=\"aligncenter\"><img loading=\"lazy\" decoding=\"async\" width=\"82\" height=\"70\" src=\"https:\/\/www.sslwrp.goleniow.net.pl\/wp-content\/uploads\/2022\/10\/znicz.gif\" alt=\"znicz\" class=\"wp-image-449\"\/><\/figure>\n<\/div>\n\n\n<p><em>Rodzinie zmar\u0142ego sk\u0142adamy szczere kondolencje i wyrazy g\u0142\u0119bokiego \u017calu.<br>Nasze lotnicze grono ponios\u0142o dotkliw\u0105 strat\u0119, kt\u00f3r\u0105 bole\u015bnie odczuwamy wszyscy.<\/em><\/p>\n\n\n\n<p>W 1960 roku uko\u0144czy\u0142 Oficersk\u0105 Szko\u0142\u0119 Lotnicz\u0105 im. \u017bwirki i Wigury w Radomiu. Do 4 plm \u201eKrak\u00f3w\u201d trafi\u0142 w listopadzie 1961 roku w sk\u0142adzie ponad dwudziestoosobowej grupy pilot\u00f3w. W Goleniowie rozpocz\u0105\u0142 loty na samolotach Lim-2, by kolejno opanowa\u0107 Lim-5 i Lim-5p. Wyszkoli\u0142 si\u0119 do poziomu pilota 1 klasy. W 1964 roku przeniesiony zosta\u0142 do 40 plm w \u015awidwinie. Tam przeszkoli\u0142 si\u0119 na samoloty nadd\u017awi\u0119kowe MiG-21. Do 2 plm \u201cKrak\u00f3w\u201d wr\u00f3ci\u0142 w marcu 1971r. Kontynuowa\u0142 szkolenie lotnicze na samolotach MiG-21 pfm na stanowisku nawigatora eskadry. Kapitan pilot Jacek Cebrzy\u0144ski z czasem awansowa\u0142 na stanowisko zast\u0119pcy dow\u00f3dcy 3 eskadry lotniczej d\/s liniowych, a nast\u0119pnie zosta\u0142 jej dow\u00f3dc\u0105. Eskadra pod Jego dow\u00f3dztwem, bior\u0105ca udzia\u0142 w sojuszniczych manewrach pa\u0144stw Uk\u0142adu Warszawskiego pod kryptonimem \u201eTarcza-76\u201d, wykona\u0142a wzorowy pokaz dzia\u0142ania z drogowego odcinka lotniskowego NOWE LASKI k\/ Miros\u0142awca. Pod koniec lat 70-tych odszed\u0142 z 2 plm \u201cKrak\u00f3w\u201d do Akademii Sztabu Generalnego w Rembertowie. Po uko\u0144czeniu ASG powr\u00f3ci\u0142 do Goleniowa i obj\u0105\u0142 stanowisko szefa strzelania powietrznego pu\u0142ku. W sierpniu 1985 r. przeniesiony na stanowisko do Inspekcji Si\u0142 Zbrojnych w Warszawie.<\/p>\n\n\n<div class=\"wp-block-image\">\n<figure class=\"aligncenter\"><img loading=\"lazy\" decoding=\"async\" width=\"458\" height=\"458\" src=\"https:\/\/www.sslwrp.goleniow.net.pl\/wp-content\/uploads\/2022\/12\/stroik-cmentarz.jpg\" alt=\"\" class=\"wp-image-627\" srcset=\"https:\/\/www.sslwrp.goleniow.net.pl\/wp-content\/uploads\/2022\/12\/stroik-cmentarz.jpg 458w, https:\/\/www.sslwrp.goleniow.net.pl\/wp-content\/uploads\/2022\/12\/stroik-cmentarz-300x300.jpg 300w, https:\/\/www.sslwrp.goleniow.net.pl\/wp-content\/uploads\/2022\/12\/stroik-cmentarz-150x150.jpg 150w\" sizes=\"auto, (max-width: 458px) 100vw, 458px\" \/><\/figure>\n<\/div>","protected":false},"excerpt":{"rendered":"<p>W dniu 3 maja 2023 r. w wieku 85 lat zmar\u0142 pp\u0142k pilot Jacek Cebrzy\u0144ski. Uroczysto\u015bci pogrzebowe odb\u0119d\u0105 si\u0119 w poniedzia\u0142ek 8 maja br. Msza<\/p>\n","protected":false},"author":1,"featured_media":0,"parent":0,"menu_order":0,"comment_status":"closed","ping_status":"closed","template":"","meta":{"footnotes":""},"class_list":["post-798","page","type-page","status-publish","hentry"],"_links":{"self":[{"href":"https:\/\/www.sslwrp.goleniow.net.pl\/index.php?rest_route=\/wp\/v2\/pages\/798","targetHints":{"allow":["GET"]}}],"collection":[{"href":"https:\/\/www.sslwrp.goleniow.net.pl\/index.php?rest_route=\/wp\/v2\/pages"}],"about":[{"href":"https:\/\/www.sslwrp.goleniow.net.pl\/index.php?rest_route=\/wp\/v2\/types\/page"}],"author":[{"embeddable":true,"href":"https:\/\/www.sslwrp.goleniow.net.pl\/index.php?rest_route=\/wp\/v2\/users\/1"}],"replies":[{"embeddable":true,"href":"https:\/\/www.sslwrp.goleniow.net.pl\/index.php?rest_route=%2Fwp%2Fv2%2Fcomments&post=798"}],"version-history":[{"count":2,"href":"https:\/\/www.sslwrp.goleniow.net.pl\/index.php?rest_route=\/wp\/v2\/pages\/798\/revisions"}],"predecessor-version":[{"id":1344,"href":"https:\/\/www.sslwrp.goleniow.net.pl\/index.php?rest_route=\/wp\/v2\/pages\/798\/revisions\/1344"}],"wp:attachment":[{"href":"https:\/\/www.sslwrp.goleniow.net.pl\/index.php?rest_route=%2Fwp%2Fv2%2Fmedia&parent=798"}],"curies":[{"name":"wp","href":"https:\/\/api.w.org\/{rel}","templated":true}]}}

Jacek Cebrzyński

<div class="wp-block-image">
<figure class="aligncenter size-large is-resized"><img loading="lazy" decoding="async" width="776" height="1024" src="https://www.sslwrp.goleniow.net.pl/wp-content/uploads/2023/05/JacekC-776x1024.jpg" alt="" class="wp-image-788" style="width:176px;height:auto" srcset="https://www.sslwrp.goleniow.net.pl/wp-content/uploads/2023/05/JacekC-776x1024.jpg 776w, https://www.sslwrp.goleniow.net.pl/wp-content/uploads/2023/05/JacekC-227x300.jpg 227w, https://www.sslwrp.goleniow.net.pl/wp-content/uploads/2023/05/JacekC-768x1014.jpg 768w, https://www.sslwrp.goleniow.net.pl/wp-content/uploads/2023/05/JacekC-1164x1536.jpg 1164w, https://www.sslwrp.goleniow.net.pl/wp-content/uploads/2023/05/JacekC-1170x1544.jpg 1170w, https://www.sslwrp.goleniow.net.pl/wp-content/uploads/2023/05/JacekC.jpg 1250w" sizes="auto, (max-width: 776px) 100vw, 776px" /></figure>
</div>


<p><strong><em>W dniu 3 maja 2023 r. w wieku 85 lat zmarł ppłk pilot Jacek Cebrzyński.</em></strong></p>



<p><strong><em>Uroczystości pogrzebowe odbędą się w poniedziałek 8 maja br.</em></strong></p>



<p><strong><em>Msza żałobna zostanie odprawiona w Kościele świętej Katarzyny w Goleniowie o godz 13:00 ,</em></strong></p>



<p><strong><em>wystawienie zmarłego w Kaplicy na cmentarzu w Goleniowie od godz 14:00</em>&nbsp;<em>do 14:30.</em></strong></p>



<p><strong><em>Po wystawieniu pochowanie zmarłego na cmentarzu w Goleniowie.</em></strong></p>


<div class="wp-block-image">
<figure class="aligncenter"><img loading="lazy" decoding="async" width="82" height="70" src="https://www.sslwrp.goleniow.net.pl/wp-content/uploads/2022/10/znicz.gif" alt="znicz" class="wp-image-449"/></figure>
</div>


<p><em>Rodzinie zmarłego składamy szczere kondolencje i wyrazy głębokiego żalu.<br>Nasze lotnicze grono poniosło dotkliwą stratę, którą boleśnie odczuwamy wszyscy.</em></p>



<p>W 1960 roku ukończył Oficerską Szkołę Lotniczą im. Żwirki i Wigury w Radomiu. Do 4 plm „Kraków” trafił w listopadzie 1961 roku w składzie ponad dwudziestoosobowej grupy pilotów. W Goleniowie rozpoczął loty na samolotach Lim-2, by kolejno opanować Lim-5 i Lim-5p. Wyszkolił się do poziomu pilota 1 klasy. W 1964 roku przeniesiony został do 40 plm w Świdwinie. Tam przeszkolił się na samoloty naddźwiękowe MiG-21. Do 2 plm “Kraków” wrócił w marcu 1971r. Kontynuował szkolenie lotnicze na samolotach MiG-21 pfm na stanowisku nawigatora eskadry. Kapitan pilot Jacek Cebrzyński z czasem awansował na stanowisko zastępcy dowódcy 3 eskadry lotniczej d/s liniowych, a następnie został jej dowódcą. Eskadra pod Jego dowództwem, biorąca udział w sojuszniczych manewrach państw Układu Warszawskiego pod kryptonimem „Tarcza-76”, wykonała wzorowy pokaz działania z drogowego odcinka lotniskowego NOWE LASKI k/ Mirosławca. Pod koniec lat 70-tych odszedł z 2 plm “Kraków” do Akademii Sztabu Generalnego w Rembertowie. Po ukończeniu ASG powrócił do Goleniowa i objął stanowisko szefa strzelania powietrznego pułku. W sierpniu 1985 r. przeniesiony na stanowisko do Inspekcji Sił Zbrojnych w Warszawie.</p>


<div class="wp-block-image">
<figure class="aligncenter"><img loading="lazy" decoding="async" width="458" height="458" src="https://www.sslwrp.goleniow.net.pl/wp-content/uploads/2022/12/stroik-cmentarz.jpg" alt="" class="wp-image-627" srcset="https://www.sslwrp.goleniow.net.pl/wp-content/uploads/2022/12/stroik-cmentarz.jpg 458w, https://www.sslwrp.goleniow.net.pl/wp-content/uploads/2022/12/stroik-cmentarz-300x300.jpg 300w, https://www.sslwrp.goleniow.net.pl/wp-content/uploads/2022/12/stroik-cmentarz-150x150.jpg 150w" sizes="auto, (max-width: 458px) 100vw, 458px" /></figure>
</div>

<p>W dniu 3 maja 2023 r. w wieku 85 lat zmarł ppłk pilot Jacek Cebrzyński. Uroczystości pogrzebowe odbędą się w poniedziałek 8 maja br. Msza</p>
