{"id":352,"date":"2022-09-15T19:02:32","date_gmt":"2022-09-15T19:02:32","guid":{"rendered":"https:\/\/www.sslwrp.goleniow.net.pl\/?page_id=352"},"modified":"2022-09-15T19:09:48","modified_gmt":"2022-09-15T19:09:48","slug":"statecznik-na-rondzie","status":"publish","type":"page","link":"https:\/\/www.sslwrp.goleniow.net.pl\/?page_id=352","title":{"rendered":"Statecznik na rondzie"},"content":{"rendered":"\n<p class=\"has-medium-font-size\">Na statecznik stoj\u0105cy na &#8222;Rondzie 2PLM \u201eKrak\u00f3w\u201d&#8221; dzia\u0142aj\u0105 niekorzystne warunki atmosferyczne oraz inne czynniki zewn\u0119trzne. Wymaga\u0142 on odnowienia pokrycia oraz znak\u00f3w, co uczynili w m-cu lipcu 2022r. sympatycy naszego pu\u0142ku. Osobom zaanga\u017cowanym sk\u0142adamy serdeczne podzi\u0119kowania.<\/p>\n\n\n\n<p class=\"has-medium-font-size\">Zarz\u0105d SSLW RP w Goleniowie.<\/p>\n\n\n\n<figure class=\"wp-block-gallery has-nested-images columns-default is-cropped wp-block-gallery-1 is-layout-flex wp-block-gallery-is-layout-flex\">\n<figure class=\"wp-block-image size-large\"><img loading=\"lazy\" decoding=\"async\" width=\"1500\" height=\"2000\" data-id=\"94\" src=\"https:\/\/www.sslwrp.goleniow.net.pl\/wp-content\/uploads\/2022\/08\/rondo.jpg\" alt=\"\" class=\"wp-image-94\" srcset=\"https:\/\/www.sslwrp.goleniow.net.pl\/wp-content\/uploads\/2022\/08\/rondo.jpg 1500w, https:\/\/www.sslwrp.goleniow.net.pl\/wp-content\/uploads\/2022\/08\/rondo-225x300.jpg 225w, https:\/\/www.sslwrp.goleniow.net.pl\/wp-content\/uploads\/2022\/08\/rondo-768x1024.jpg 768w, https:\/\/www.sslwrp.goleniow.net.pl\/wp-content\/uploads\/2022\/08\/rondo-1152x1536.jpg 1152w, https:\/\/www.sslwrp.goleniow.net.pl\/wp-content\/uploads\/2022\/08\/rondo-1170x1560.jpg 1170w\" sizes=\"auto, (max-width: 1500px) 100vw, 1500px\" \/><figcaption>Rondo 2plm Krak\u00f3w<\/figcaption><\/figure>\n\n\n\n<figure class=\"wp-block-image size-large\"><img loading=\"lazy\" decoding=\"async\" width=\"1500\" height=\"2000\" data-id=\"95\" src=\"https:\/\/www.sslwrp.goleniow.net.pl\/wp-content\/uploads\/2022\/08\/stat_lew_str.jpg\" alt=\"Statecznik\" class=\"wp-image-95\" srcset=\"https:\/\/www.sslwrp.goleniow.net.pl\/wp-content\/uploads\/2022\/08\/stat_lew_str.jpg 1500w, https:\/\/www.sslwrp.goleniow.net.pl\/wp-content\/uploads\/2022\/08\/stat_lew_str-225x300.jpg 225w, https:\/\/www.sslwrp.goleniow.net.pl\/wp-content\/uploads\/2022\/08\/stat_lew_str-768x1024.jpg 768w, https:\/\/www.sslwrp.goleniow.net.pl\/wp-content\/uploads\/2022\/08\/stat_lew_str-1152x1536.jpg 1152w, https:\/\/www.sslwrp.goleniow.net.pl\/wp-content\/uploads\/2022\/08\/stat_lew_str-1170x1560.jpg 1170w\" sizes=\"auto, (max-width: 1500px) 100vw, 1500px\" \/><figcaption>Odnowione powierzchnie oraz znaki<\/figcaption><\/figure>\n\n\n\n<figure class=\"wp-block-image size-large\"><img loading=\"lazy\" decoding=\"async\" width=\"1500\" height=\"2000\" data-id=\"96\" src=\"https:\/\/www.sslwrp.goleniow.net.pl\/wp-content\/uploads\/2022\/08\/stat_pr_str.jpg\" alt=\"\" class=\"wp-image-96\" srcset=\"https:\/\/www.sslwrp.goleniow.net.pl\/wp-content\/uploads\/2022\/08\/stat_pr_str.jpg 1500w, https:\/\/www.sslwrp.goleniow.net.pl\/wp-content\/uploads\/2022\/08\/stat_pr_str-225x300.jpg 225w, https:\/\/www.sslwrp.goleniow.net.pl\/wp-content\/uploads\/2022\/08\/stat_pr_str-768x1024.jpg 768w, https:\/\/www.sslwrp.goleniow.net.pl\/wp-content\/uploads\/2022\/08\/stat_pr_str-1152x1536.jpg 1152w, https:\/\/www.sslwrp.goleniow.net.pl\/wp-content\/uploads\/2022\/08\/stat_pr_str-1170x1560.jpg 1170w\" sizes=\"auto, (max-width: 1500px) 100vw, 1500px\" \/><figcaption>Druga strona statecznika&#8230;<\/figcaption><\/figure>\n<\/figure>\n","protected":false},"excerpt":{"rendered":"<p>Na statecznik stoj\u0105cy na &#8222;Rondzie 2PLM \u201eKrak\u00f3w\u201d&#8221; dzia\u0142aj\u0105 niekorzystne warunki atmosferyczne oraz inne czynniki zewn\u0119trzne. Wymaga\u0142 on odnowienia pokrycia oraz znak\u00f3w, co uczynili w m-cu<\/p>\n","protected":false},"author":1,"featured_media":0,"parent":0,"menu_order":0,"comment_status":"closed","ping_status":"closed","template":"","meta":{"footnotes":""},"class_list":["post-352","page","type-page","status-publish","hentry"],"_links":{"self":[{"href":"https:\/\/www.sslwrp.goleniow.net.pl\/index.php?rest_route=\/wp\/v2\/pages\/352","targetHints":{"allow":["GET"]}}],"collection":[{"href":"https:\/\/www.sslwrp.goleniow.net.pl\/index.php?rest_route=\/wp\/v2\/pages"}],"about":[{"href":"https:\/\/www.sslwrp.goleniow.net.pl\/index.php?rest_route=\/wp\/v2\/types\/page"}],"author":[{"embeddable":true,"href":"https:\/\/www.sslwrp.goleniow.net.pl\/index.php?rest_route=\/wp\/v2\/users\/1"}],"replies":[{"embeddable":true,"href":"https:\/\/www.sslwrp.goleniow.net.pl\/index.php?rest_route=%2Fwp%2Fv2%2Fcomments&post=352"}],"version-history":[{"count":2,"href":"https:\/\/www.sslwrp.goleniow.net.pl\/index.php?rest_route=\/wp\/v2\/pages\/352\/revisions"}],"predecessor-version":[{"id":357,"href":"https:\/\/www.sslwrp.goleniow.net.pl\/index.php?rest_route=\/wp\/v2\/pages\/352\/revisions\/357"}],"wp:attachment":[{"href":"https:\/\/www.sslwrp.goleniow.net.pl\/index.php?rest_route=%2Fwp%2Fv2%2Fmedia&parent=352"}],"curies":[{"name":"wp","href":"https:\/\/api.w.org\/{rel}","templated":true}]}}