{"id":339,"date":"2022-09-15T18:15:55","date_gmt":"2022-09-15T18:15:55","guid":{"rendered":"https:\/\/www.sslwrp.goleniow.net.pl\/?page_id=339"},"modified":"2025-03-10T20:57:06","modified_gmt":"2025-03-10T20:57:06","slug":"tablica-pogladowa","status":"publish","type":"page","link":"https:\/\/www.sslwrp.goleniow.net.pl\/?page_id=339","title":{"rendered":"Tablica Pogl\u0105dowa"},"content":{"rendered":"<div class=\"wp-block-image\">\n<figure class=\"aligncenter size-full\"><img loading=\"lazy\" decoding=\"async\" width=\"850\" height=\"601\" src=\"https:\/\/www.sslwrp.goleniow.net.pl\/wp-content\/uploads\/2022\/08\/20_1.jpg\" alt=\"\" class=\"wp-image-284\" srcset=\"https:\/\/www.sslwrp.goleniow.net.pl\/wp-content\/uploads\/2022\/08\/20_1.jpg 850w, https:\/\/www.sslwrp.goleniow.net.pl\/wp-content\/uploads\/2022\/08\/20_1-300x212.jpg 300w, https:\/\/www.sslwrp.goleniow.net.pl\/wp-content\/uploads\/2022\/08\/20_1-768x543.jpg 768w\" sizes=\"auto, (max-width: 850px) 100vw, 850px\" \/><\/figure>\n<\/div>\n\n\n<p class=\"has-medium-font-size\"><em>23 sierpnia 2022r. przy Kamieniach Pami\u0119ci, w lesie ko\u0142o Wierzchos\u0142awia, zosta\u0142a ustawiona tablica z informacj\u0105 o tym, \u017ce jest to Miejsce Pami\u0119ci \u017bo\u0142nierzy- Pilot\u00f3w Lotnictwa Wojskowego, por. pil. Paw\u0142a Kacprzaka i pp\u0142k pil. dr Henryka Ha\u0142ki, kt\u00f3rzy zgin\u0119li w katastrofach lotniczych w czasie wykonywania obowi\u0105zk\u00f3w s\u0142u\u017cbowych. Tablic\u0119 ufundowa\u0142 Pose\u0142 na Sejm RP Pan Jaros\u0142aw Rzepa oraz Urz\u0105d Gminy i Miasta Goleni\u00f3w. Prace zwi\u0105zane z kierowaniem i realizacj\u0105 projektu z ramienia Urz\u0119du Gminy i Miasta Goleni\u00f3w realizowa\u0142 Pan J\u00f3zef Kazaniecki. Tablic\u0119 wykona\u0142a i zainstalowa\u0142a goleniowska firma JAFA Pracownia Reklamy, Pana Andrzeja Adamkiewicza. W pracach przy instalowaniu tablicy uczestniczyli cz\u0142onkowie Z\u017bWP oraz SSLW RP w Goleniowie Zdzis\u0142aw Emilianowicz i Wies\u0142aw We\u0142nicki. Za pomoc merytoryczn\u0105 serdecznie dzi\u0119kujemy, ekspertowi w tej dziedzinie, Radkowi Kacperskiemu a za t\u0142umaczenie na j\u0119zyk angielski Wiolecie Grzelak.<\/em><\/p>\n\n\n\n<p class=\"has-medium-font-size\"><em>Szczeg\u00f3lne podzi\u0119kowania nale\u017c\u0105 si\u0119 Panom J\u00f3zefowi Kazanieckiemu i Zdzis\u0142awowi Emilianowiczowi, to dzi\u0119ki Wam projekt pod nazw\u0105 Kamienie Pami\u0119ci jest kompletny!<\/em><\/p>\n\n\n\n<p><em>Opracowanie i tekst Wies\u0142aw We\u0142nicki<\/em><\/p>\n\n\n\n<p><em>Relacj\u0119 nagran\u0105 przez Janusza Madonia obejrzysz na <a rel=\"noreferrer noopener\" href=\"https:\/\/www.youtube.com\/watch?v=c1yX3gZn8dU\" data-type=\"URL\" data-id=\"https:\/\/www.youtube.com\/watch?v=c1yX3gZn8dU\" target=\"_blank\">YouTube&#8230;<\/a><\/em><\/p>\n\n\n<div class=\"wp-block-image\">\n<figure class=\"aligncenter size-full\"><img loading=\"lazy\" decoding=\"async\" width=\"1488\" height=\"1984\" src=\"https:\/\/www.sslwrp.goleniow.net.pl\/wp-content\/uploads\/2025\/03\/tabl_pogl.jpg\" alt=\"\" class=\"wp-image-1823\" srcset=\"https:\/\/www.sslwrp.goleniow.net.pl\/wp-content\/uploads\/2025\/03\/tabl_pogl.jpg 1488w, https:\/\/www.sslwrp.goleniow.net.pl\/wp-content\/uploads\/2025\/03\/tabl_pogl-225x300.jpg 225w, https:\/\/www.sslwrp.goleniow.net.pl\/wp-content\/uploads\/2025\/03\/tabl_pogl-768x1024.jpg 768w, https:\/\/www.sslwrp.goleniow.net.pl\/wp-content\/uploads\/2025\/03\/tabl_pogl-1152x1536.jpg 1152w, https:\/\/www.sslwrp.goleniow.net.pl\/wp-content\/uploads\/2025\/03\/tabl_pogl-1170x1560.jpg 1170w\" sizes=\"auto, (max-width: 1488px) 100vw, 1488px\" \/><\/figure>\n<\/div>\n\n\n<p><\/p>\n","protected":false},"excerpt":{"rendered":"<p>23 sierpnia 2022r. przy Kamieniach Pami\u0119ci, w lesie ko\u0142o Wierzchos\u0142awia, zosta\u0142a ustawiona tablica z informacj\u0105 o tym, \u017ce jest to Miejsce Pami\u0119ci \u017bo\u0142nierzy- Pilot\u00f3w Lotnictwa<\/p>\n","protected":false},"author":1,"featured_media":0,"parent":0,"menu_order":0,"comment_status":"closed","ping_status":"closed","template":"","meta":{"footnotes":""},"class_list":["post-339","page","type-page","status-publish","hentry"],"_links":{"self":[{"href":"https:\/\/www.sslwrp.goleniow.net.pl\/index.php?rest_route=\/wp\/v2\/pages\/339","targetHints":{"allow":["GET"]}}],"collection":[{"href":"https:\/\/www.sslwrp.goleniow.net.pl\/index.php?rest_route=\/wp\/v2\/pages"}],"about":[{"href":"https:\/\/www.sslwrp.goleniow.net.pl\/index.php?rest_route=\/wp\/v2\/types\/page"}],"author":[{"embeddable":true,"href":"https:\/\/www.sslwrp.goleniow.net.pl\/index.php?rest_route=\/wp\/v2\/users\/1"}],"replies":[{"embeddable":true,"href":"https:\/\/www.sslwrp.goleniow.net.pl\/index.php?rest_route=%2Fwp%2Fv2%2Fcomments&post=339"}],"version-history":[{"count":5,"href":"https:\/\/www.sslwrp.goleniow.net.pl\/index.php?rest_route=\/wp\/v2\/pages\/339\/revisions"}],"predecessor-version":[{"id":1840,"href":"https:\/\/www.sslwrp.goleniow.net.pl\/index.php?rest_route=\/wp\/v2\/pages\/339\/revisions\/1840"}],"wp:attachment":[{"href":"https:\/\/www.sslwrp.goleniow.net.pl\/index.php?rest_route=%2Fwp%2Fv2%2Fmedia&parent=339"}],"curies":[{"name":"wp","href":"https:\/\/api.w.org\/{rel}","templated":true}]}}

Tablica Poglądowa

<div class="wp-block-image">
<figure class="aligncenter size-full"><img loading="lazy" decoding="async" width="850" height="601" src="https://www.sslwrp.goleniow.net.pl/wp-content/uploads/2022/08/20_1.jpg" alt="" class="wp-image-284" srcset="https://www.sslwrp.goleniow.net.pl/wp-content/uploads/2022/08/20_1.jpg 850w, https://www.sslwrp.goleniow.net.pl/wp-content/uploads/2022/08/20_1-300x212.jpg 300w, https://www.sslwrp.goleniow.net.pl/wp-content/uploads/2022/08/20_1-768x543.jpg 768w" sizes="auto, (max-width: 850px) 100vw, 850px" /></figure>
</div>


<p class="has-medium-font-size"><em>23 sierpnia 2022r. przy Kamieniach Pamięci, w lesie koło Wierzchosławia, została ustawiona tablica z informacją o tym, że jest to Miejsce Pamięci Żołnierzy- Pilotów Lotnictwa Wojskowego, por. pil. Pawła Kacprzaka i ppłk pil. dr Henryka Hałki, którzy zginęli w katastrofach lotniczych w czasie wykonywania obowiązków służbowych. Tablicę ufundował Poseł na Sejm RP Pan Jarosław Rzepa oraz Urząd Gminy i Miasta Goleniów. Prace związane z kierowaniem i realizacją projektu z ramienia Urzędu Gminy i Miasta Goleniów realizował Pan Józef Kazaniecki. Tablicę wykonała i zainstalowała goleniowska firma JAFA Pracownia Reklamy, Pana Andrzeja Adamkiewicza. W pracach przy instalowaniu tablicy uczestniczyli członkowie ZŻWP oraz SSLW RP w Goleniowie Zdzisław Emilianowicz i Wiesław Wełnicki. Za pomoc merytoryczną serdecznie dziękujemy, ekspertowi w tej dziedzinie, Radkowi Kacperskiemu a za tłumaczenie na język angielski Wiolecie Grzelak.</em></p>



<p class="has-medium-font-size"><em>Szczególne podziękowania należą się Panom Józefowi Kazanieckiemu i Zdzisławowi Emilianowiczowi, to dzięki Wam projekt pod nazwą Kamienie Pamięci jest kompletny!</em></p>



<p><em>Opracowanie i tekst Wiesław Wełnicki</em></p>



<p><em>Relację nagraną przez Janusza Madonia obejrzysz na <a rel="noreferrer noopener" href="https://www.youtube.com/watch?v=c1yX3gZn8dU" data-type="URL" data-id="https://www.youtube.com/watch?v=c1yX3gZn8dU" target="_blank">YouTube&#8230;</a></em></p>


<div class="wp-block-image">
<figure class="aligncenter size-full"><img loading="lazy" decoding="async" width="1488" height="1984" src="https://www.sslwrp.goleniow.net.pl/wp-content/uploads/2025/03/tabl_pogl.jpg" alt="" class="wp-image-1823" srcset="https://www.sslwrp.goleniow.net.pl/wp-content/uploads/2025/03/tabl_pogl.jpg 1488w, https://www.sslwrp.goleniow.net.pl/wp-content/uploads/2025/03/tabl_pogl-225x300.jpg 225w, https://www.sslwrp.goleniow.net.pl/wp-content/uploads/2025/03/tabl_pogl-768x1024.jpg 768w, https://www.sslwrp.goleniow.net.pl/wp-content/uploads/2025/03/tabl_pogl-1152x1536.jpg 1152w, https://www.sslwrp.goleniow.net.pl/wp-content/uploads/2025/03/tabl_pogl-1170x1560.jpg 1170w" sizes="auto, (max-width: 1488px) 100vw, 1488px" /></figure>
</div>


<p></p>

<p>23 sierpnia 2022r. przy Kamieniach Pamięci, w lesie koło Wierzchosławia, została ustawiona tablica z informacją o tym, że jest to Miejsce Pamięci Żołnierzy- Pilotów Lotnictwa</p>
