{"id":2048,"date":"2026-01-07T18:42:13","date_gmt":"2026-01-07T18:42:13","guid":{"rendered":"https:\/\/www.sslwrp.goleniow.net.pl\/?page_id=2048"},"modified":"2026-01-07T18:42:16","modified_gmt":"2026-01-07T18:42:16","slug":"plk-dypl-pil-jan-nowak","status":"publish","type":"page","link":"https:\/\/www.sslwrp.goleniow.net.pl\/?page_id=2048","title":{"rendered":"p\u0142k dypl. pil. Jan Nowak"},"content":{"rendered":"\n<p style=\"font-size:21px\"><em>Ten wspania\u0142y pilot i dow\u00f3dca urodzi\u0142 si\u0119 27 stycznia 1948 roku w Wyrzysku, w wojew\u00f3dztwie wielkopolskim. Po uko\u0144czeniu Liceum Og\u00f3lnokszta\u0142c\u0105cego w \u0141om\u017cy 3 stycznia 1966 roku wst\u0105pi\u0142 do Oficerskiej Szko\u0142y Lotniczej w D\u0119blinie. 1 grudnia 1968 roku by\u0142 promowany na stopie\u0144 podporucznika pilota. Zawodow\u0105 s\u0142u\u017cb\u0119 wojskow\u0105 rozpocz\u0105\u0142 w 40. pu\u0142ku lotnictwa my\u015bliwskiego w \u015awidwinie. W okresie od 1 lutego do 30 czerwca 1971 roku uczestniczy\u0142 w przeszkalaniu na samoloty MiG-21 w Centrum Szkolenia Lotniczego w Modlinie. Po kursie zosta\u0142 przeniesiony do 9. pu\u0142ku lotnictwa my\u015bliwskiego w Debrznie. S\u0142u\u017c\u0105c w tym pu\u0142ku, od 1 stycznia 1976 roku by\u0142 dow\u00f3dc\u0105 klucza lotniczego. W okresie od 1 pa\u017adziernika 1976 roku do 15 lipca 1979 roku studiowa\u0142 w Akademii Sztabu Generalnego Wojska Polskiego, na kierunku Wojska Lotnicze w Warszawie &#8211; Rembertowie. Po studiach powr\u00f3ci\u0142 do Debrzna na stanowisko nawigatora 1 eskadry lotnictwa my\u015bliwskiego. 1 stycznia 1980 roku zosta\u0142 dow\u00f3dc\u0105 1 eskadry lotnictwa my\u015bliwskiego, a 8 kwietnia 1982 r. obj\u0105\u0142 stanowisko zast\u0119pcy dow\u00f3dcy 2. pu\u0142ku lotnictwa my\u015bliwskiego \u201eKrak\u00f3w\u201d do spraw liniowych w Goleniowie. W\u00f3wczas trenowano tam w powietrzu zrzut bomb z p\u0119tli w g\u00f3rnym po\u0142o\u017ceniu, w ramach przygotowania do zrzutu \u0142adunk\u00f3w j\u0105drowych, l\u0105dowania na DOL oraz grupowe manewrowe walki powietrzne. 12 pa\u017adziernika 1987 roku zosta\u0142 dow\u00f3dc\u0105 9. pu\u0142ku lotnictwa my\u015bliwskiego w Debrznie. Pu\u0142kiem tym dowodzi\u0142 do 25 stycznia 1989 roku i by\u0142 jego ostatnim dow\u00f3dc\u0105 (pu\u0142k utworzono w 1950 roku na lotnisku w Poznaniu \u2013 \u0141awicy jako 11. plm OPL, w 1954 r zosta\u0142 przebazowany do Debrzna, a w 1967 r. zmieni\u0142 nazw\u0119 na 9. plm). Po zdaniu obowi\u0105zk\u00f3w dow\u00f3dcy 9. plm zosta\u0142 starszym specjalist\u0105 do spraw rozpoznania w G\u0142\u00f3wnym Zarz\u0105dzie Szkolenia Bojowego Wojska Polskiego w Warszawie. 1 kwietnia 1990 roku obj\u0105\u0142 stanowisko zast\u0119pcy dow\u00f3dcy 1. Centrum Dowodzenia Bojowego Wojsk Lotniczych Frontu w \u015awidwinie. W okresie od 1 kwietnia 1992 roku do 1995 roku by\u0142 dow\u00f3dca 1. Centrum Dowodzenia Lotnictwa, a od 1995 roku do 28 lutego 1997 roku by\u0142 dow\u00f3dc\u0105 1. O\u015brodka Dowodzenia Lotnictwa. (1. Centrum Dowodzenia Bojowego WLF w 1990 r. zmieni\u0142o nazw\u0119 na 1. Centrum Dowodzenia Bojowego Lotnictwa, a w 1995 r. na 1. O\u015brodek Dowodzenia Lotnictwa). W 1992 r. odby\u0142 trzymiesi\u0119czny kurs przeszkolenia oficer\u00f3w WLOP w AON, w Warszawie &#8211; Rembertowie. 28 lutego 1997 r. zosta\u0142 przeniesiony do rezerwy. By\u0142 ikon\u0105 Lotnictwa Polskiego i wychowawc\u0105 wielu pokole\u0144 lotnik\u00f3w polskich. By\u0142 profesjonalist\u0105 i perfekcjonist\u0105. Za Swoj\u0105 ogromn\u0105 i wszechstronn\u0105 wiedz\u0119 i wielkie do\u015bwiadczenie by\u0142 szanowany nie tylko w Si\u0142ach Powietrznych, ale tak\u017ce poza nimi. Uczestniczy\u0142 w \u0107wiczeniach w kraju i za granic\u0105 w tym na poligonie Drawsko, Ustka, Nadarzyce, Myszewo, Podborsko, Biedrusko i Solec Kujawski. W czasie jego dowodzenia piloci szkolili si\u0119 na poligonie Ustka w odpalaniu lotniczych pocisk\u00f3w rakietowych kierowanych klasy powietrze \u2013 powietrze R-60 do cel\u00f3w powietrznych, \u015bwietlnych opadaj\u0105cych na spadochronie bomb CP-100-MR. By\u0142 pilotem wojskowym pierwszej klasy z nalotem og\u00f3lnym ponad 1 800 godzin z tego ponad 1450 godzin na samolotach nadd\u017awi\u0119kowych. Wykonywa\u0142 loty na samolotach: TS-11 \u201eIskra\u201d, Lim-2, Lim-5 i MiG-21. By\u0142 d\u0142ugoletnim cz\u0142onkiem PZ\u0141 oraz wspania\u0142ym i etycznym my\u015bliwym w WK\u0141 nr 217 \u201e\u0141o\u015b\u201d przy 2. plm \u201eKrak\u00f3w\u201d w Goleniowie, WK\u0141 nr 274 \u201eMy\u015bliwiec\u201d przy 9. plm w Debrznie i od 2003 r. w Kole \u0141owieckim nr 45 w Debrznie, z siedzib\u0105 w Biskupicach, a obecnie w Krzywej Wsi, gdzie by\u0142 cz\u0142onkiem Komisji Rewizyjnej Ko\u0142a i sekretarzem obecnej kadencji. By\u0142 aktywny w zagospodarowywaniu \u0142owisk. By\u0142 selekcjonerem. Od 14 lutego 2021 r. by\u0142 cz\u0142onkiem Zwi\u0105zku \u017bo\u0142nierzy Wojska Polskiego\u201d. Jako cz\u0142onek Z\u017bWP w swojej dzia\u0142alno\u015bci spo\u0142ecznej g\u0142\u00f3wny wysi\u0142ek skupia\u0142 na rzecz obronno\u015bci kraju, na utrwalanie i piel\u0119gnacj\u0119 pami\u0119ci o ludziach i ich czynach w walce o niepodleg\u0142o\u015b\u0107 Polski podczas II Wojny \u015awiatowej i po jej zako\u0144czeniu. By\u0142 aktywnym spo\u0142ecznikiem uczestnicz\u0105cym w dzia\u0142alno\u015bci Stowarzysze\u0144 maj\u0105cych na celu podtrzymanie tradycji narodowych, w tym ochron\u0119 godno\u015bci i honoru \u017co\u0142nierza polskiego i integracj\u0119 \u015brodowisk by\u0142ych \u017co\u0142nierzy lotnictwa wojskowego Si\u0142 Zbrojnych RP. Mieszka\u0142 w Debrznie. Pozostawi\u0142 \u017con\u0119 Ew\u0119, c\u00f3rk\u0119 Agnieszk\u0119 i syna Krzysztofa, kt\u00f3ry uko\u0144czy\u0142 Politechnik\u0119 Warszawsk\u0105, trzech pasierb\u00f3w: Cezarego, Bart\u0142omieja i Jakuba oraz wnuka Patryka. Interesowa\u0142 si\u0119 sportem i uprawia\u0142 my\u015blistwo. By\u0142 odznaczony m.in. Z\u0142otym (1989) i Srebrnym (1982) Krzy\u017cem Zas\u0142ugi, Z\u0142otym (1985), Srebrnym (1982) i Br\u0105zowym (1975) Medalem \u201eZa Zas\u0142ugi dla Obronno\u015bci Kraju\u201d, Z\u0142otym (1988), Srebrnym i Br\u0105zowym Medalem \u201eSi\u0142y Zbrojne w S\u0142u\u017cbie Ojczyzny\u201d<strong>,<\/strong> za zas\u0142ugi po\u0142o\u017cone dla rozwoju Pomorza Zachodniego Odznak\u0105 \u201eGryfa Pomorskiego\u201d i Br\u0105zowym Medalem Zas\u0142ugi \u0141owieckiej oraz innymi odznaczeniami resortowymi.<\/em><\/p>\n\n\n\n<p><em>Opracowa\u0142 p\u0142k dr in\u017c. Henryk Czy\u017cyk.<\/em><\/p>\n\n\n\n<p><\/p>\n","protected":false},"excerpt":{"rendered":"<p>Ten wspania\u0142y pilot i dow\u00f3dca urodzi\u0142 si\u0119 27 stycznia 1948 roku w Wyrzysku, w wojew\u00f3dztwie wielkopolskim. Po uko\u0144czeniu Liceum Og\u00f3lnokszta\u0142c\u0105cego w \u0141om\u017cy 3 stycznia 1966<\/p>\n","protected":false},"author":1,"featured_media":0,"parent":0,"menu_order":0,"comment_status":"closed","ping_status":"closed","template":"","meta":{"footnotes":""},"class_list":["post-2048","page","type-page","status-publish","hentry"],"_links":{"self":[{"href":"https:\/\/www.sslwrp.goleniow.net.pl\/index.php?rest_route=\/wp\/v2\/pages\/2048","targetHints":{"allow":["GET"]}}],"collection":[{"href":"https:\/\/www.sslwrp.goleniow.net.pl\/index.php?rest_route=\/wp\/v2\/pages"}],"about":[{"href":"https:\/\/www.sslwrp.goleniow.net.pl\/index.php?rest_route=\/wp\/v2\/types\/page"}],"author":[{"embeddable":true,"href":"https:\/\/www.sslwrp.goleniow.net.pl\/index.php?rest_route=\/wp\/v2\/users\/1"}],"replies":[{"embeddable":true,"href":"https:\/\/www.sslwrp.goleniow.net.pl\/index.php?rest_route=%2Fwp%2Fv2%2Fcomments&post=2048"}],"version-history":[{"count":1,"href":"https:\/\/www.sslwrp.goleniow.net.pl\/index.php?rest_route=\/wp\/v2\/pages\/2048\/revisions"}],"predecessor-version":[{"id":2049,"href":"https:\/\/www.sslwrp.goleniow.net.pl\/index.php?rest_route=\/wp\/v2\/pages\/2048\/revisions\/2049"}],"wp:attachment":[{"href":"https:\/\/www.sslwrp.goleniow.net.pl\/index.php?rest_route=%2Fwp%2Fv2%2Fmedia&parent=2048"}],"curies":[{"name":"wp","href":"https:\/\/api.w.org\/{rel}","templated":true}]}}

płk dypl. pil. Jan Nowak

<p style="font-size:21px"><em>Ten wspaniały pilot i dowódca urodził się 27 stycznia 1948 roku w Wyrzysku, w województwie wielkopolskim. Po ukończeniu Liceum Ogólnokształcącego w Łomży 3 stycznia 1966 roku wstąpił do Oficerskiej Szkoły Lotniczej w Dęblinie. 1 grudnia 1968 roku był promowany na stopień podporucznika pilota. Zawodową służbę wojskową rozpoczął w 40. pułku lotnictwa myśliwskiego w Świdwinie. W okresie od 1 lutego do 30 czerwca 1971 roku uczestniczył w przeszkalaniu na samoloty MiG-21 w Centrum Szkolenia Lotniczego w Modlinie. Po kursie został przeniesiony do 9. pułku lotnictwa myśliwskiego w Debrznie. Służąc w tym pułku, od 1 stycznia 1976 roku był dowódcą klucza lotniczego. W okresie od 1 października 1976 roku do 15 lipca 1979 roku studiował w Akademii Sztabu Generalnego Wojska Polskiego, na kierunku Wojska Lotnicze w Warszawie &#8211; Rembertowie. Po studiach powrócił do Debrzna na stanowisko nawigatora 1 eskadry lotnictwa myśliwskiego. 1 stycznia 1980 roku został dowódcą 1 eskadry lotnictwa myśliwskiego, a 8 kwietnia 1982 r. objął stanowisko zastępcy dowódcy 2. pułku lotnictwa myśliwskiego „Kraków” do spraw liniowych w Goleniowie. Wówczas trenowano tam w powietrzu zrzut bomb z pętli w górnym położeniu, w ramach przygotowania do zrzutu ładunków jądrowych, lądowania na DOL oraz grupowe manewrowe walki powietrzne. 12 października 1987 roku został dowódcą 9. pułku lotnictwa myśliwskiego w Debrznie. Pułkiem tym dowodził do 25 stycznia 1989 roku i był jego ostatnim dowódcą (pułk utworzono w 1950 roku na lotnisku w Poznaniu – Ławicy jako 11. plm OPL, w 1954 r został przebazowany do Debrzna, a w 1967 r. zmienił nazwę na 9. plm). Po zdaniu obowiązków dowódcy 9. plm został starszym specjalistą do spraw rozpoznania w Głównym Zarządzie Szkolenia Bojowego Wojska Polskiego w Warszawie. 1 kwietnia 1990 roku objął stanowisko zastępcy dowódcy 1. Centrum Dowodzenia Bojowego Wojsk Lotniczych Frontu w Świdwinie. W okresie od 1 kwietnia 1992 roku do 1995 roku był dowódca 1. Centrum Dowodzenia Lotnictwa, a od 1995 roku do 28 lutego 1997 roku był dowódcą 1. Ośrodka Dowodzenia Lotnictwa. (1. Centrum Dowodzenia Bojowego WLF w 1990 r. zmieniło nazwę na 1. Centrum Dowodzenia Bojowego Lotnictwa, a w 1995 r. na 1. Ośrodek Dowodzenia Lotnictwa). W 1992 r. odbył trzymiesięczny kurs przeszkolenia oficerów WLOP w AON, w Warszawie &#8211; Rembertowie. 28 lutego 1997 r. został przeniesiony do rezerwy. Był ikoną Lotnictwa Polskiego i wychowawcą wielu pokoleń lotników polskich. Był profesjonalistą i perfekcjonistą. Za Swoją ogromną i wszechstronną wiedzę i wielkie doświadczenie był szanowany nie tylko w Siłach Powietrznych, ale także poza nimi. Uczestniczył w ćwiczeniach w kraju i za granicą w tym na poligonie Drawsko, Ustka, Nadarzyce, Myszewo, Podborsko, Biedrusko i Solec Kujawski. W czasie jego dowodzenia piloci szkolili się na poligonie Ustka w odpalaniu lotniczych pocisków rakietowych kierowanych klasy powietrze – powietrze R-60 do celów powietrznych, świetlnych opadających na spadochronie bomb CP-100-MR. Był pilotem wojskowym pierwszej klasy z nalotem ogólnym ponad 1 800 godzin z tego ponad 1450 godzin na samolotach naddźwiękowych. Wykonywał loty na samolotach: TS-11 „Iskra”, Lim-2, Lim-5 i MiG-21. Był długoletnim członkiem PZŁ oraz wspaniałym i etycznym myśliwym w WKŁ nr 217 „Łoś” przy 2. plm „Kraków” w Goleniowie, WKŁ nr 274 „Myśliwiec” przy 9. plm w Debrznie i od 2003 r. w Kole Łowieckim nr 45 w Debrznie, z siedzibą w Biskupicach, a obecnie w Krzywej Wsi, gdzie był członkiem Komisji Rewizyjnej Koła i sekretarzem obecnej kadencji. Był aktywny w zagospodarowywaniu łowisk. Był selekcjonerem. Od 14 lutego 2021 r. był członkiem Związku Żołnierzy Wojska Polskiego”. Jako członek ZŻWP w swojej działalności społecznej główny wysiłek skupiał na rzecz obronności kraju, na utrwalanie i pielęgnację pamięci o ludziach i ich czynach w walce o niepodległość Polski podczas II Wojny Światowej i po jej zakończeniu. Był aktywnym społecznikiem uczestniczącym w działalności Stowarzyszeń mających na celu podtrzymanie tradycji narodowych, w tym ochronę godności i honoru żołnierza polskiego i integrację środowisk byłych żołnierzy lotnictwa wojskowego Sił Zbrojnych RP. Mieszkał w Debrznie. Pozostawił żonę Ewę, córkę Agnieszkę i syna Krzysztofa, który ukończył Politechnikę Warszawską, trzech pasierbów: Cezarego, Bartłomieja i Jakuba oraz wnuka Patryka. Interesował się sportem i uprawiał myślistwo. Był odznaczony m.in. Złotym (1989) i Srebrnym (1982) Krzyżem Zasługi, Złotym (1985), Srebrnym (1982) i Brązowym (1975) Medalem „Za Zasługi dla Obronności Kraju”, Złotym (1988), Srebrnym i Brązowym Medalem „Siły Zbrojne w Służbie Ojczyzny”<strong>,</strong> za zasługi położone dla rozwoju Pomorza Zachodniego Odznaką „Gryfa Pomorskiego” i Brązowym Medalem Zasługi Łowieckiej oraz innymi odznaczeniami resortowymi.</em></p>



<p><em>Opracował płk dr inż. Henryk Czyżyk.</em></p>



<p></p>

<p>Ten wspaniały pilot i dowódca urodził się 27 stycznia 1948 roku w Wyrzysku, w województwie wielkopolskim. Po ukończeniu Liceum Ogólnokształcącego w Łomży 3 stycznia 1966</p>
