{"id":1901,"date":"2025-05-19T19:32:26","date_gmt":"2025-05-19T19:32:26","guid":{"rendered":"https:\/\/www.sslwrp.goleniow.net.pl\/?page_id=1901"},"modified":"2025-05-19T19:51:53","modified_gmt":"2025-05-19T19:51:53","slug":"52-rocznica-katastrofy-an-24","status":"publish","type":"page","link":"https:\/\/www.sslwrp.goleniow.net.pl\/?page_id=1901","title":{"rendered":"52 rocznica katastrofy AN-24"},"content":{"rendered":"\n<p class=\"has-cyan-bluish-gray-background-color has-background\" style=\"font-size:25px\">W dniu dzisiejszym \u2013 28 luty 2024r. \u2013 przypada rocznica katastrofy samolotu z delegacj\u0105 rz\u0105dow\u0105 <a href=\"https:\/\/pl.wikipedia.org\/wiki\/Katastrofa_samolotu_rz%C4%85dowego_pod_Szczecinem#:~:text=Katastrofa%20samolotu%20rz%C4%85dowego%20pod%20Szczecinem%E2%80%93%20katastrofa%20lotnicza%2C%20kt%C3%B3ra,pi%C4%99cioosobowa%20za%C5%82oga%20i%20wszyscy%20pasa%C5%BCerowie%2C%20%C5%82%C4%85cznie%20osiemna%C5%9Bcie%20os%C3%B3b.\" target=\"_blank\" rel=\"noreferrer noopener\">(szczeg\u00f3\u0142y tutaj)<\/a>. Z tej okazji delegacja pod przewodnictwem mjr. pil. rez. Kazimierza Milewskiego uczci\u0142a t\u0119 rocznic\u0119 sk\u0142adaj\u0105c wi\u0105zanki kwiat\u00f3w przy Kamieniu Pami\u0119ci w miejscowo\u015bci IMNO.<\/p>\n\n\n<div class=\"wp-block-image\">\n<figure class=\"aligncenter size-large\"><img loading=\"lazy\" decoding=\"async\" width=\"1024\" height=\"771\" src=\"https:\/\/www.sslwrp.goleniow.net.pl\/wp-content\/uploads\/2025\/02\/obelisk-1024x771.jpg\" alt=\"\" class=\"wp-image-1810\" srcset=\"https:\/\/www.sslwrp.goleniow.net.pl\/wp-content\/uploads\/2025\/02\/obelisk-1024x771.jpg 1024w, https:\/\/www.sslwrp.goleniow.net.pl\/wp-content\/uploads\/2025\/02\/obelisk-300x226.jpg 300w, https:\/\/www.sslwrp.goleniow.net.pl\/wp-content\/uploads\/2025\/02\/obelisk-768x578.jpg 768w, https:\/\/www.sslwrp.goleniow.net.pl\/wp-content\/uploads\/2025\/02\/obelisk-1536x1157.jpg 1536w, https:\/\/www.sslwrp.goleniow.net.pl\/wp-content\/uploads\/2025\/02\/obelisk-1170x881.jpg 1170w, https:\/\/www.sslwrp.goleniow.net.pl\/wp-content\/uploads\/2025\/02\/obelisk.jpg 2040w\" sizes=\"auto, (max-width: 1024px) 100vw, 1024px\" \/><\/figure>\n<\/div>\n\n<div class=\"wp-block-image\">\n<figure class=\"aligncenter size-large\"><img loading=\"lazy\" decoding=\"async\" width=\"1024\" height=\"771\" src=\"https:\/\/www.sslwrp.goleniow.net.pl\/wp-content\/uploads\/2025\/02\/obeltabli-1024x771.jpg\" alt=\"\" class=\"wp-image-1811\" srcset=\"https:\/\/www.sslwrp.goleniow.net.pl\/wp-content\/uploads\/2025\/02\/obeltabli-1024x771.jpg 1024w, https:\/\/www.sslwrp.goleniow.net.pl\/wp-content\/uploads\/2025\/02\/obeltabli-300x226.jpg 300w, https:\/\/www.sslwrp.goleniow.net.pl\/wp-content\/uploads\/2025\/02\/obeltabli-768x578.jpg 768w, https:\/\/www.sslwrp.goleniow.net.pl\/wp-content\/uploads\/2025\/02\/obeltabli-1536x1157.jpg 1536w, https:\/\/www.sslwrp.goleniow.net.pl\/wp-content\/uploads\/2025\/02\/obeltabli-1170x881.jpg 1170w, https:\/\/www.sslwrp.goleniow.net.pl\/wp-content\/uploads\/2025\/02\/obeltabli.jpg 2040w\" sizes=\"auto, (max-width: 1024px) 100vw, 1024px\" \/><\/figure>\n<\/div>","protected":false},"excerpt":{"rendered":"<p>W dniu dzisiejszym \u2013 28 luty 2024r. \u2013 przypada rocznica katastrofy samolotu z delegacj\u0105 rz\u0105dow\u0105 (szczeg\u00f3\u0142y tutaj). Z tej okazji delegacja pod przewodnictwem mjr. pil.<\/p>\n","protected":false},"author":1,"featured_media":0,"parent":0,"menu_order":0,"comment_status":"closed","ping_status":"closed","template":"","meta":{"footnotes":""},"class_list":["post-1901","page","type-page","status-publish","hentry"],"_links":{"self":[{"href":"https:\/\/www.sslwrp.goleniow.net.pl\/index.php?rest_route=\/wp\/v2\/pages\/1901","targetHints":{"allow":["GET"]}}],"collection":[{"href":"https:\/\/www.sslwrp.goleniow.net.pl\/index.php?rest_route=\/wp\/v2\/pages"}],"about":[{"href":"https:\/\/www.sslwrp.goleniow.net.pl\/index.php?rest_route=\/wp\/v2\/types\/page"}],"author":[{"embeddable":true,"href":"https:\/\/www.sslwrp.goleniow.net.pl\/index.php?rest_route=\/wp\/v2\/users\/1"}],"replies":[{"embeddable":true,"href":"https:\/\/www.sslwrp.goleniow.net.pl\/index.php?rest_route=%2Fwp%2Fv2%2Fcomments&post=1901"}],"version-history":[{"count":3,"href":"https:\/\/www.sslwrp.goleniow.net.pl\/index.php?rest_route=\/wp\/v2\/pages\/1901\/revisions"}],"predecessor-version":[{"id":1909,"href":"https:\/\/www.sslwrp.goleniow.net.pl\/index.php?rest_route=\/wp\/v2\/pages\/1901\/revisions\/1909"}],"wp:attachment":[{"href":"https:\/\/www.sslwrp.goleniow.net.pl\/index.php?rest_route=%2Fwp%2Fv2%2Fmedia&parent=1901"}],"curies":[{"name":"wp","href":"https:\/\/api.w.org\/{rel}","templated":true}]}}

<p class="has-cyan-bluish-gray-background-color has-background" style="font-size:25px">W dniu dzisiejszym – 28 luty 2024r. – przypada rocznica katastrofy samolotu z delegacją rządową <a href="https://pl.wikipedia.org/wiki/Katastrofa_samolotu_rz%C4%85dowego_pod_Szczecinem#:~:text=Katastrofa%20samolotu%20rz%C4%85dowego%20pod%20Szczecinem%E2%80%93%20katastrofa%20lotnicza%2C%20kt%C3%B3ra,pi%C4%99cioosobowa%20za%C5%82oga%20i%20wszyscy%20pasa%C5%BCerowie%2C%20%C5%82%C4%85cznie%20osiemna%C5%9Bcie%20os%C3%B3b." target="_blank" rel="noreferrer noopener">(szczegóły tutaj)</a>. Z tej okazji delegacja pod przewodnictwem mjr. pil. rez. Kazimierza Milewskiego uczciła tę rocznicę składając wiązanki kwiatów przy Kamieniu Pamięci w miejscowości IMNO.</p>


<div class="wp-block-image">
<figure class="aligncenter size-large"><img loading="lazy" decoding="async" width="1024" height="771" src="https://www.sslwrp.goleniow.net.pl/wp-content/uploads/2025/02/obelisk-1024x771.jpg" alt="" class="wp-image-1810" srcset="https://www.sslwrp.goleniow.net.pl/wp-content/uploads/2025/02/obelisk-1024x771.jpg 1024w, https://www.sslwrp.goleniow.net.pl/wp-content/uploads/2025/02/obelisk-300x226.jpg 300w, https://www.sslwrp.goleniow.net.pl/wp-content/uploads/2025/02/obelisk-768x578.jpg 768w, https://www.sslwrp.goleniow.net.pl/wp-content/uploads/2025/02/obelisk-1536x1157.jpg 1536w, https://www.sslwrp.goleniow.net.pl/wp-content/uploads/2025/02/obelisk-1170x881.jpg 1170w, https://www.sslwrp.goleniow.net.pl/wp-content/uploads/2025/02/obelisk.jpg 2040w" sizes="auto, (max-width: 1024px) 100vw, 1024px" /></figure>
</div>

<div class="wp-block-image">
<figure class="aligncenter size-large"><img loading="lazy" decoding="async" width="1024" height="771" src="https://www.sslwrp.goleniow.net.pl/wp-content/uploads/2025/02/obeltabli-1024x771.jpg" alt="" class="wp-image-1811" srcset="https://www.sslwrp.goleniow.net.pl/wp-content/uploads/2025/02/obeltabli-1024x771.jpg 1024w, https://www.sslwrp.goleniow.net.pl/wp-content/uploads/2025/02/obeltabli-300x226.jpg 300w, https://www.sslwrp.goleniow.net.pl/wp-content/uploads/2025/02/obeltabli-768x578.jpg 768w, https://www.sslwrp.goleniow.net.pl/wp-content/uploads/2025/02/obeltabli-1536x1157.jpg 1536w, https://www.sslwrp.goleniow.net.pl/wp-content/uploads/2025/02/obeltabli-1170x881.jpg 1170w, https://www.sslwrp.goleniow.net.pl/wp-content/uploads/2025/02/obeltabli.jpg 2040w" sizes="auto, (max-width: 1024px) 100vw, 1024px" /></figure>
</div>

<p>W dniu dzisiejszym – 28 luty 2024r. – przypada rocznica katastrofy samolotu z delegacją rządową (szczegóły tutaj). Z tej okazji delegacja pod przewodnictwem mjr. pil.</p>
