{"id":1722,"date":"2024-11-05T20:53:42","date_gmt":"2024-11-05T20:53:42","guid":{"rendered":"https:\/\/www.sslwrp.goleniow.net.pl\/?page_id=1722"},"modified":"2024-11-05T21:00:44","modified_gmt":"2024-11-05T21:00:44","slug":"michal-osiejuk","status":"publish","type":"page","link":"https:\/\/www.sslwrp.goleniow.net.pl\/?page_id=1722","title":{"rendered":"Micha\u0142 Osiejuk"},"content":{"rendered":"<div class=\"wp-block-image\">\n<figure class=\"aligncenter size-full is-resized\"><img loading=\"lazy\" decoding=\"async\" width=\"398\" height=\"511\" src=\"https:\/\/www.sslwrp.goleniow.net.pl\/wp-content\/uploads\/2024\/10\/mjr-Osiejuk.jpg\" alt=\"\" class=\"wp-image-1704\" style=\"width:150px;height:auto\" srcset=\"https:\/\/www.sslwrp.goleniow.net.pl\/wp-content\/uploads\/2024\/10\/mjr-Osiejuk.jpg 398w, https:\/\/www.sslwrp.goleniow.net.pl\/wp-content\/uploads\/2024\/10\/mjr-Osiejuk-234x300.jpg 234w\" sizes=\"auto, (max-width: 398px) 100vw, 398px\" \/><\/figure>\n<\/div>\n\n\n<p>W czwartek, 31 pa\u017adziernika 2024r, na Cmentarzu Komunalnym w Goleniowie odprowadzili\u015bmy na Wieczn\u0105 Wart\u0119, naszego Koleg\u0119 \u015bp. mjr. Micha\u0142a Osiejuka, kt\u00f3ry ca\u0142ym swoim \u017cyciem, r\u00f3wnie\u017c tym zawodowym, zwi\u0105zany by\u0142 z Goleniowem. Po uko\u0144czeniu nauki w Technicznej Oficerskiej Szkole Lotniczej w Ole\u015bnicy rozpocz\u0105\u0142 prac\u0119 w 2. PLM &#8222;Krak\u00f3w&#8221;, najpierw w S\u0142u\u017cbie In\u017cynieryjno-Lotniczej a po kilku latach, po przekwalifikowaniu, w s\u0142u\u017cbie nawigatorskiej, jako nawigator naprowadzania. Praca w tych s\u0142u\u017cbach, to praca bezpo\u015brednio zwi\u0105zana z bezpiecze\u0144stwem latania, wymagaj\u0105ca profesjonalizmu i obci\u0105\u017cona poczuciem odpowiedzialno\u015bci za \u017cycie drugiego cz\u0142owieka. \u015ap. mjr Micha\u0142 Osiejuk wykonywa\u0142 j\u0105 wzorowo, za co by\u0142 wielokrotnie wyr\u00f3\u017cniany.<\/p>\n\n\n\n<p>Na goleniowskim cmentarzu po\u017cegna\u0142a Go pogr\u0105\u017cona w \u017calu Rodzina, Koledzy i Znajomi.<\/p>\n\n\n\n<p>Cze\u015b\u0107 Jego Pami\u0119ci! Niech spoczywa w spokoju.<\/p>\n","protected":false},"excerpt":{"rendered":"<p>W czwartek, 31 pa\u017adziernika 2024r, na Cmentarzu Komunalnym w Goleniowie odprowadzili\u015bmy na Wieczn\u0105 Wart\u0119, naszego Koleg\u0119 \u015bp. mjr. Micha\u0142a Osiejuka, kt\u00f3ry ca\u0142ym swoim \u017cyciem, r\u00f3wnie\u017c<\/p>\n","protected":false},"author":1,"featured_media":0,"parent":0,"menu_order":0,"comment_status":"closed","ping_status":"closed","template":"","meta":{"footnotes":""},"class_list":["post-1722","page","type-page","status-publish","hentry"],"_links":{"self":[{"href":"https:\/\/www.sslwrp.goleniow.net.pl\/index.php?rest_route=\/wp\/v2\/pages\/1722","targetHints":{"allow":["GET"]}}],"collection":[{"href":"https:\/\/www.sslwrp.goleniow.net.pl\/index.php?rest_route=\/wp\/v2\/pages"}],"about":[{"href":"https:\/\/www.sslwrp.goleniow.net.pl\/index.php?rest_route=\/wp\/v2\/types\/page"}],"author":[{"embeddable":true,"href":"https:\/\/www.sslwrp.goleniow.net.pl\/index.php?rest_route=\/wp\/v2\/users\/1"}],"replies":[{"embeddable":true,"href":"https:\/\/www.sslwrp.goleniow.net.pl\/index.php?rest_route=%2Fwp%2Fv2%2Fcomments&post=1722"}],"version-history":[{"count":2,"href":"https:\/\/www.sslwrp.goleniow.net.pl\/index.php?rest_route=\/wp\/v2\/pages\/1722\/revisions"}],"predecessor-version":[{"id":1727,"href":"https:\/\/www.sslwrp.goleniow.net.pl\/index.php?rest_route=\/wp\/v2\/pages\/1722\/revisions\/1727"}],"wp:attachment":[{"href":"https:\/\/www.sslwrp.goleniow.net.pl\/index.php?rest_route=%2Fwp%2Fv2%2Fmedia&parent=1722"}],"curies":[{"name":"wp","href":"https:\/\/api.w.org\/{rel}","templated":true}]}}

Michał Osiejuk

<div class="wp-block-image">
<figure class="aligncenter size-full is-resized"><img loading="lazy" decoding="async" width="398" height="511" src="https://www.sslwrp.goleniow.net.pl/wp-content/uploads/2024/10/mjr-Osiejuk.jpg" alt="" class="wp-image-1704" style="width:150px;height:auto" srcset="https://www.sslwrp.goleniow.net.pl/wp-content/uploads/2024/10/mjr-Osiejuk.jpg 398w, https://www.sslwrp.goleniow.net.pl/wp-content/uploads/2024/10/mjr-Osiejuk-234x300.jpg 234w" sizes="auto, (max-width: 398px) 100vw, 398px" /></figure>
</div>


<p>W czwartek, 31 października 2024r, na Cmentarzu Komunalnym w Goleniowie odprowadziliśmy na Wieczną Wartę, naszego Kolegę śp. mjr. Michała Osiejuka, który całym swoim życiem, również tym zawodowym, związany był z Goleniowem. Po ukończeniu nauki w Technicznej Oficerskiej Szkole Lotniczej w Oleśnicy rozpoczął pracę w 2. PLM &#8222;Kraków&#8221;, najpierw w Służbie Inżynieryjno-Lotniczej a po kilku latach, po przekwalifikowaniu, w służbie nawigatorskiej, jako nawigator naprowadzania. Praca w tych służbach, to praca bezpośrednio związana z bezpieczeństwem latania, wymagająca profesjonalizmu i obciążona poczuciem odpowiedzialności za życie drugiego człowieka. Śp. mjr Michał Osiejuk wykonywał ją wzorowo, za co był wielokrotnie wyróżniany.</p>



<p>Na goleniowskim cmentarzu pożegnała Go pogrążona w żalu Rodzina, Koledzy i Znajomi.</p>



<p>Cześć Jego Pamięci! Niech spoczywa w spokoju.</p>

<p>W czwartek, 31 października 2024r, na Cmentarzu Komunalnym w Goleniowie odprowadziliśmy na Wieczną Wartę, naszego Kolegę śp. mjr. Michała Osiejuka, który całym swoim życiem, również</p>
