{"id":1379,"date":"2024-03-24T20:14:21","date_gmt":"2024-03-24T20:14:21","guid":{"rendered":"https:\/\/www.sslwrp.goleniow.net.pl\/?page_id=1379"},"modified":"2024-03-24T20:17:25","modified_gmt":"2024-03-24T20:17:25","slug":"tablica-przed-samolotem-odnowiona","status":"publish","type":"page","link":"https:\/\/www.sslwrp.goleniow.net.pl\/?page_id=1379","title":{"rendered":"Tablica przed samolotem &#8211; odnowiona"},"content":{"rendered":"\n<p>Sierpie\u0144 2023r.<\/p>\n\n\n\n<p class=\"has-vivid-cyan-blue-color has-text-color has-link-color has-medium-font-size wp-elements-d5f027d6b598593a58229d339851ae64\"><em><strong>Po przeprowadzonych pracach konserwacyjnych na samolocie, przyszed\u0142 czas na odnowienie tablicy na kamieniu przed samolotem. Przed zbli\u017caj\u0105cym si\u0119 \u015bwi\u0119tem Lotnictwa, symbole lotnicze s\u0105 gotowe do uroczysto\u015bci. Od\u015bwie\u017cenie napis\u00f3w oraz tablicy zorganizowa\u0142 nasz kolega ze SSLW RP Kazimierz Milewski.<\/strong><\/em><\/p>\n\n\n<div class=\"wp-block-image\">\n<figure class=\"aligncenter size-large is-resized\"><img loading=\"lazy\" decoding=\"async\" width=\"768\" height=\"1024\" src=\"https:\/\/www.sslwrp.goleniow.net.pl\/wp-content\/uploads\/2023\/08\/tablica-k_s-tu-768x1024.jpg\" alt=\"\" class=\"wp-image-1106\" style=\"width:363px;height:auto\" srcset=\"https:\/\/www.sslwrp.goleniow.net.pl\/wp-content\/uploads\/2023\/08\/tablica-k_s-tu-768x1024.jpg 768w, https:\/\/www.sslwrp.goleniow.net.pl\/wp-content\/uploads\/2023\/08\/tablica-k_s-tu-225x300.jpg 225w, https:\/\/www.sslwrp.goleniow.net.pl\/wp-content\/uploads\/2023\/08\/tablica-k_s-tu-1152x1536.jpg 1152w, https:\/\/www.sslwrp.goleniow.net.pl\/wp-content\/uploads\/2023\/08\/tablica-k_s-tu-1170x1560.jpg 1170w, https:\/\/www.sslwrp.goleniow.net.pl\/wp-content\/uploads\/2023\/08\/tablica-k_s-tu.jpg 1500w\" sizes=\"auto, (max-width: 768px) 100vw, 768px\" \/><\/figure>\n<\/div>","protected":false},"excerpt":{"rendered":"<p>Sierpie\u0144 2023r. Po przeprowadzonych pracach konserwacyjnych na samolocie, przyszed\u0142 czas na odnowienie tablicy na kamieniu przed samolotem. Przed zbli\u017caj\u0105cym si\u0119 \u015bwi\u0119tem Lotnictwa, symbole lotnicze s\u0105<\/p>\n","protected":false},"author":1,"featured_media":0,"parent":0,"menu_order":0,"comment_status":"closed","ping_status":"closed","template":"","meta":{"footnotes":""},"class_list":["post-1379","page","type-page","status-publish","hentry"],"_links":{"self":[{"href":"https:\/\/www.sslwrp.goleniow.net.pl\/index.php?rest_route=\/wp\/v2\/pages\/1379","targetHints":{"allow":["GET"]}}],"collection":[{"href":"https:\/\/www.sslwrp.goleniow.net.pl\/index.php?rest_route=\/wp\/v2\/pages"}],"about":[{"href":"https:\/\/www.sslwrp.goleniow.net.pl\/index.php?rest_route=\/wp\/v2\/types\/page"}],"author":[{"embeddable":true,"href":"https:\/\/www.sslwrp.goleniow.net.pl\/index.php?rest_route=\/wp\/v2\/users\/1"}],"replies":[{"embeddable":true,"href":"https:\/\/www.sslwrp.goleniow.net.pl\/index.php?rest_route=%2Fwp%2Fv2%2Fcomments&post=1379"}],"version-history":[{"count":2,"href":"https:\/\/www.sslwrp.goleniow.net.pl\/index.php?rest_route=\/wp\/v2\/pages\/1379\/revisions"}],"predecessor-version":[{"id":1382,"href":"https:\/\/www.sslwrp.goleniow.net.pl\/index.php?rest_route=\/wp\/v2\/pages\/1379\/revisions\/1382"}],"wp:attachment":[{"href":"https:\/\/www.sslwrp.goleniow.net.pl\/index.php?rest_route=%2Fwp%2Fv2%2Fmedia&parent=1379"}],"curies":[{"name":"wp","href":"https:\/\/api.w.org\/{rel}","templated":true}]}}