{"id":1369,"date":"2024-03-23T22:31:44","date_gmt":"2024-03-23T22:31:44","guid":{"rendered":"https:\/\/www.sslwrp.goleniow.net.pl\/?page_id=1369"},"modified":"2024-03-23T22:41:12","modified_gmt":"2024-03-23T22:41:12","slug":"odznaczenie-sztandaru-miasta-i-gminy","status":"publish","type":"page","link":"https:\/\/www.sslwrp.goleniow.net.pl\/?page_id=1369","title":{"rendered":"Odznaczenie sztandaru Miasta i Gminy"},"content":{"rendered":"\n<p>W<strong><em> dniu 30.06.2023r. na LXII sesji rady miejskiej w Goleniowie zosta\u0142 wyr\u00f3\u017cniony sztandar Gminy Goleni\u00f3w Z\u0142otym Krzy\u017cem Zas\u0142ugi Zwi\u0105zku \u017bo\u0142nierzy Wojska Polskiego. O takie wyr\u00f3\u017cnienie wyst\u0105pi\u0142y do zarz\u0105du g\u0142\u00f3wnego w Warszawie Zwi\u0105zek \u017bo\u0142nierzy Wojska Polskiego Ko\u0142o nr 25 oraz Stowarzyszenie Senior\u00f3w Lotnictwa Wojskowego RP w Goleniowie. Po prezentacji wsp\u00f3\u0142pracy miasta i w\/w stowarzysze\u0144 przez kpt. w st. sp. Witolda Morawskiego, dekoracji sztandaru, Z\u0142otym Krzy\u017cem Zas\u0142ugi Zwi\u0105zku \u017bo\u0142nierzy Wojska Polskiego, dokona\u0142 p\u0142k. w st. sp. Zbigniew Skowro\u0144ski.<br>Nast\u0119pnym punktem sesji Rady Miejskiej by\u0142o odznaczenie naszych koleg\u00f3w, w uznaniu za zas\u0142ugi dla Pomorza Zachodniego, Srebrn\u0105 Odznak\u0105 Gryfa Zachodniopomorskiego: Boles\u0142aw Basiak, Robert Stefa\u0144ski, Wies\u0142aw We\u0142nicki. Odznaczenia wr\u0119czy\u0142a Przewodnicz\u0105ca Sejmiku Zachodniopomorskiego Pani Teresa Kalina.<\/em><\/strong><\/p>\n\n\n\n<p><strong><em>Pe\u0142n\u0105 relacj\u0119 z w\/w wydarzenia obejrzysz na wycinku z materia\u0142u rejestrowanego na sesji rady miejskiej.<\/em><\/strong><\/p>\n\n\n\n<p><em>Link do filmu:<\/em> <a rel=\"noreferrer noopener\" href=\"https:\/\/youtu.be\/Zuvol_oMHgw\" target=\"_blank\">https:\/\/youtu.be\/Zuvol_oMHgw<\/a><\/p>\n\n\n\n<p><em>FOTO: kadry z filmu<\/em><\/p>\n\n\n\n<figure class=\"wp-block-gallery has-nested-images columns-default is-cropped wp-block-gallery-1 is-layout-flex wp-block-gallery-is-layout-flex\">\n<figure class=\"wp-block-image size-thumbnail\"><a href=\"https:\/\/www.sslwrp.goleniow.net.pl\/wp-content\/uploads\/2023\/07\/dekor1.jpg\" target=\"_blank\" rel=\"noreferrer noopener\"><img loading=\"lazy\" decoding=\"async\" width=\"150\" height=\"150\" data-id=\"1030\" src=\"https:\/\/www.sslwrp.goleniow.net.pl\/wp-content\/uploads\/2023\/07\/dekor1-150x150.jpg\" alt=\"\" class=\"wp-image-1030\"\/><\/a><\/figure>\n\n\n\n<figure class=\"wp-block-image size-thumbnail\"><a href=\"https:\/\/www.sslwrp.goleniow.net.pl\/wp-content\/uploads\/2023\/07\/dekor2.jpg\" target=\"_blank\" rel=\"noreferrer noopener\"><img loading=\"lazy\" decoding=\"async\" width=\"150\" height=\"150\" data-id=\"1031\" src=\"https:\/\/www.sslwrp.goleniow.net.pl\/wp-content\/uploads\/2023\/07\/dekor2-150x150.jpg\" alt=\"\" class=\"wp-image-1031\"\/><\/a><\/figure>\n\n\n\n<figure class=\"wp-block-image size-thumbnail\"><a href=\"https:\/\/www.sslwrp.goleniow.net.pl\/wp-content\/uploads\/2023\/07\/odzn-sztan-scaled.jpg\" target=\"_blank\" rel=\"noreferrer noopener\"><img loading=\"lazy\" decoding=\"async\" width=\"150\" height=\"150\" data-id=\"1063\" src=\"https:\/\/www.sslwrp.goleniow.net.pl\/wp-content\/uploads\/2023\/07\/odzn-sztan-150x150.jpg\" alt=\"\" class=\"wp-image-1063\"\/><\/a><\/figure>\n\n\n\n<figure class=\"wp-block-image size-thumbnail\"><a href=\"https:\/\/www.sslwrp.goleniow.net.pl\/wp-content\/uploads\/2023\/07\/gryf.jpg\" target=\"_blank\" rel=\"noreferrer noopener\"><img loading=\"lazy\" decoding=\"async\" width=\"150\" height=\"150\" data-id=\"1032\" src=\"https:\/\/www.sslwrp.goleniow.net.pl\/wp-content\/uploads\/2023\/07\/gryf-150x150.jpg\" alt=\"\" class=\"wp-image-1032\"\/><\/a><\/figure>\n\n\n\n<figure class=\"wp-block-image size-full\"><a href=\"https:\/\/www.sslwrp.goleniow.net.pl\/wp-content\/uploads\/2023\/07\/prezentacja.jpg\" target=\"_blank\" rel=\"noreferrer noopener\"><img loading=\"lazy\" decoding=\"async\" width=\"994\" height=\"522\" data-id=\"1029\" src=\"https:\/\/www.sslwrp.goleniow.net.pl\/wp-content\/uploads\/2023\/07\/prezentacja.jpg\" alt=\"\" class=\"wp-image-1029\" srcset=\"https:\/\/www.sslwrp.goleniow.net.pl\/wp-content\/uploads\/2023\/07\/prezentacja.jpg 994w, https:\/\/www.sslwrp.goleniow.net.pl\/wp-content\/uploads\/2023\/07\/prezentacja-300x158.jpg 300w, https:\/\/www.sslwrp.goleniow.net.pl\/wp-content\/uploads\/2023\/07\/prezentacja-768x403.jpg 768w\" sizes=\"auto, (max-width: 994px) 100vw, 994px\" \/><\/a><\/figure>\n<\/figure>\n","protected":false},"excerpt":{"rendered":"<p>W dniu 30.06.2023r. na LXII sesji rady miejskiej w Goleniowie zosta\u0142 wyr\u00f3\u017cniony sztandar Gminy Goleni\u00f3w Z\u0142otym Krzy\u017cem Zas\u0142ugi Zwi\u0105zku \u017bo\u0142nierzy Wojska Polskiego. O takie wyr\u00f3\u017cnienie<\/p>\n","protected":false},"author":1,"featured_media":0,"parent":0,"menu_order":0,"comment_status":"closed","ping_status":"closed","template":"","meta":{"footnotes":""},"class_list":["post-1369","page","type-page","status-publish","hentry"],"_links":{"self":[{"href":"https:\/\/www.sslwrp.goleniow.net.pl\/index.php?rest_route=\/wp\/v2\/pages\/1369","targetHints":{"allow":["GET"]}}],"collection":[{"href":"https:\/\/www.sslwrp.goleniow.net.pl\/index.php?rest_route=\/wp\/v2\/pages"}],"about":[{"href":"https:\/\/www.sslwrp.goleniow.net.pl\/index.php?rest_route=\/wp\/v2\/types\/page"}],"author":[{"embeddable":true,"href":"https:\/\/www.sslwrp.goleniow.net.pl\/index.php?rest_route=\/wp\/v2\/users\/1"}],"replies":[{"embeddable":true,"href":"https:\/\/www.sslwrp.goleniow.net.pl\/index.php?rest_route=%2Fwp%2Fv2%2Fcomments&post=1369"}],"version-history":[{"count":3,"href":"https:\/\/www.sslwrp.goleniow.net.pl\/index.php?rest_route=\/wp\/v2\/pages\/1369\/revisions"}],"predecessor-version":[{"id":1374,"href":"https:\/\/www.sslwrp.goleniow.net.pl\/index.php?rest_route=\/wp\/v2\/pages\/1369\/revisions\/1374"}],"wp:attachment":[{"href":"https:\/\/www.sslwrp.goleniow.net.pl\/index.php?rest_route=%2Fwp%2Fv2%2Fmedia&parent=1369"}],"curies":[{"name":"wp","href":"https:\/\/api.w.org\/{rel}","templated":true}]}}

<p>W<strong><em> dniu 30.06.2023r. na LXII sesji rady miejskiej w Goleniowie został wyróżniony sztandar Gminy Goleniów Złotym Krzyżem Zasługi Związku Żołnierzy Wojska Polskiego. O takie wyróżnienie wystąpiły do zarządu głównego w Warszawie Związek Żołnierzy Wojska Polskiego Koło nr 25 oraz Stowarzyszenie Seniorów Lotnictwa Wojskowego RP w Goleniowie. Po prezentacji współpracy miasta i w/w stowarzyszeń przez kpt. w st. sp. Witolda Morawskiego, dekoracji sztandaru, Złotym Krzyżem Zasługi Związku Żołnierzy Wojska Polskiego, dokonał płk. w st. sp. Zbigniew Skowroński.<br>Następnym punktem sesji Rady Miejskiej było odznaczenie naszych kolegów, w uznaniu za zasługi dla Pomorza Zachodniego, Srebrną Odznaką Gryfa Zachodniopomorskiego: Bolesław Basiak, Robert Stefański, Wiesław Wełnicki. Odznaczenia wręczyła Przewodnicząca Sejmiku Zachodniopomorskiego Pani Teresa Kalina.</em></strong></p>



<p><strong><em>Pełną relację z w/w wydarzenia obejrzysz na wycinku z materiału rejestrowanego na sesji rady miejskiej.</em></strong></p>



<p><em>Link do filmu:</em> <a rel="noreferrer noopener" href="https://youtu.be/Zuvol_oMHgw" target="_blank">https://youtu.be/Zuvol_oMHgw</a></p>



<p><em>FOTO: kadry z filmu</em></p>



<figure class="wp-block-gallery has-nested-images columns-default is-cropped wp-block-gallery-1 is-layout-flex wp-block-gallery-is-layout-flex">
<figure class="wp-block-image size-thumbnail"><a href="https://www.sslwrp.goleniow.net.pl/wp-content/uploads/2023/07/dekor1.jpg" target="_blank" rel="noreferrer noopener"><img loading="lazy" decoding="async" width="150" height="150" data-id="1030" src="https://www.sslwrp.goleniow.net.pl/wp-content/uploads/2023/07/dekor1-150x150.jpg" alt="" class="wp-image-1030"/></a></figure>



<figure class="wp-block-image size-thumbnail"><a href="https://www.sslwrp.goleniow.net.pl/wp-content/uploads/2023/07/dekor2.jpg" target="_blank" rel="noreferrer noopener"><img loading="lazy" decoding="async" width="150" height="150" data-id="1031" src="https://www.sslwrp.goleniow.net.pl/wp-content/uploads/2023/07/dekor2-150x150.jpg" alt="" class="wp-image-1031"/></a></figure>



<figure class="wp-block-image size-thumbnail"><a href="https://www.sslwrp.goleniow.net.pl/wp-content/uploads/2023/07/odzn-sztan-scaled.jpg" target="_blank" rel="noreferrer noopener"><img loading="lazy" decoding="async" width="150" height="150" data-id="1063" src="https://www.sslwrp.goleniow.net.pl/wp-content/uploads/2023/07/odzn-sztan-150x150.jpg" alt="" class="wp-image-1063"/></a></figure>



<figure class="wp-block-image size-thumbnail"><a href="https://www.sslwrp.goleniow.net.pl/wp-content/uploads/2023/07/gryf.jpg" target="_blank" rel="noreferrer noopener"><img loading="lazy" decoding="async" width="150" height="150" data-id="1032" src="https://www.sslwrp.goleniow.net.pl/wp-content/uploads/2023/07/gryf-150x150.jpg" alt="" class="wp-image-1032"/></a></figure>



<figure class="wp-block-image size-full"><a href="https://www.sslwrp.goleniow.net.pl/wp-content/uploads/2023/07/prezentacja.jpg" target="_blank" rel="noreferrer noopener"><img loading="lazy" decoding="async" width="994" height="522" data-id="1029" src="https://www.sslwrp.goleniow.net.pl/wp-content/uploads/2023/07/prezentacja.jpg" alt="" class="wp-image-1029" srcset="https://www.sslwrp.goleniow.net.pl/wp-content/uploads/2023/07/prezentacja.jpg 994w, https://www.sslwrp.goleniow.net.pl/wp-content/uploads/2023/07/prezentacja-300x158.jpg 300w, https://www.sslwrp.goleniow.net.pl/wp-content/uploads/2023/07/prezentacja-768x403.jpg 768w" sizes="auto, (max-width: 994px) 100vw, 994px" /></a></figure>
</figure>

<p>W dniu 30.06.2023r. na LXII sesji rady miejskiej w Goleniowie został wyróżniony sztandar Gminy Goleniów Złotym Krzyżem Zasługi Związku Żołnierzy Wojska Polskiego. O takie wyróżnienie</p>
