{"id":1361,"date":"2024-03-23T21:28:08","date_gmt":"2024-03-23T21:28:08","guid":{"rendered":"https:\/\/www.sslwrp.goleniow.net.pl\/?page_id=1361"},"modified":"2024-03-23T21:30:03","modified_gmt":"2024-03-23T21:30:03","slug":"odznaczenie-sztandaru-szkoly-w-mostach","status":"publish","type":"page","link":"https:\/\/www.sslwrp.goleniow.net.pl\/?page_id=1361","title":{"rendered":"Odznaczenie sztandaru szko\u0142y w Mostach"},"content":{"rendered":"\n<p class=\"has-vivid-green-cyan-color has-text-color has-medium-font-size\"><strong><em> W pi\u0105tek, 23 czerwca 2023r. w czasie uroczystego zako\u0144czenia roku szkolnego w Zespole Szk\u00f3\u0142 im. Lotnik\u00f3w Polskich w Mostach, delegacja Z\u017bWP i SSLW RP, na czele z pu\u0142kownikiem Zbigniewem Skowro\u0144skim, dokona\u0142a odznaczenia sztandaru szko\u0142y Krzy\u017cem Z\u0142otym &#8222;Za zas\u0142ugi dla Z\u017bWP&#8221;. Odznaczenie zosta\u0142o nadane decyzj\u0105 Zarz\u0105du G\u0142\u00f3wnego Z\u017bWP, za wybitne zas\u0142ugi na polu kszta\u0142towania postaw patriotycznych w\u015br\u00f3d m\u0142odzie\u017cy, rozwijanie i promowanie wiedzy o historii polskiej wojskowo\u015bci, w tym szczeg\u00f3lnie historii polskiego lotnictwa wojskowego a tak\u017ce wzorowej wsp\u00f3\u0142pracy z goleniowskimi ko\u0142ami Z\u017bWP i SSLW RP. Podkre\u015bla\u0142 to r\u00f3wnie\u017c w swoim wyst\u0105pieniu pu\u0142kownik Zbigniew Skowro\u0144ski, dzi\u0119kuj\u0105c Dyrekcji, Pracownikom i Uczniom za ich postaw\u0119.<\/em><\/strong><\/p>\n\n\n\n<p class=\"has-small-font-size\">Tekst: Wies\u0142aw We\u0142nicki <\/p>\n\n\n\n<p class=\"has-small-font-size\">Foto: Janusz Mado\u0144<\/p>\n\n\n\n<p class=\"has-small-font-size\">Aby powi\u0119kszy\u0107 kliknij na fotk\u0119.<\/p>\n\n\n\n<figure class=\"wp-block-gallery has-nested-images columns-4 is-cropped wp-block-gallery-1 is-layout-flex wp-block-gallery-is-layout-flex\">\n<figure class=\"wp-block-image size-medium\"><a href=\"https:\/\/www.sslwrp.goleniow.net.pl\/wp-content\/uploads\/2023\/06\/nazwa-szkoly.jpg\" target=\"_blank\" rel=\"noreferrer noopener\"><img loading=\"lazy\" decoding=\"async\" width=\"300\" height=\"212\" data-id=\"1015\" src=\"https:\/\/www.sslwrp.goleniow.net.pl\/wp-content\/uploads\/2023\/06\/nazwa-szkoly-300x212.jpg\" alt=\"\" class=\"wp-image-1015\" srcset=\"https:\/\/www.sslwrp.goleniow.net.pl\/wp-content\/uploads\/2023\/06\/nazwa-szkoly-300x212.jpg 300w, https:\/\/www.sslwrp.goleniow.net.pl\/wp-content\/uploads\/2023\/06\/nazwa-szkoly-1024x724.jpg 1024w, https:\/\/www.sslwrp.goleniow.net.pl\/wp-content\/uploads\/2023\/06\/nazwa-szkoly-768x543.jpg 768w, https:\/\/www.sslwrp.goleniow.net.pl\/wp-content\/uploads\/2023\/06\/nazwa-szkoly-1536x1086.jpg 1536w, https:\/\/www.sslwrp.goleniow.net.pl\/wp-content\/uploads\/2023\/06\/nazwa-szkoly-1170x827.jpg 1170w, https:\/\/www.sslwrp.goleniow.net.pl\/wp-content\/uploads\/2023\/06\/nazwa-szkoly.jpg 2048w\" sizes=\"auto, (max-width: 300px) 100vw, 300px\" \/><\/a><\/figure>\n\n\n\n<figure class=\"wp-block-image size-medium\"><a href=\"https:\/\/www.sslwrp.goleniow.net.pl\/wp-content\/uploads\/2023\/06\/przemowa.jpg\" target=\"_blank\" rel=\"noreferrer noopener\"><img loading=\"lazy\" decoding=\"async\" width=\"300\" height=\"212\" data-id=\"1017\" src=\"https:\/\/www.sslwrp.goleniow.net.pl\/wp-content\/uploads\/2023\/06\/przemowa-300x212.jpg\" alt=\"\" class=\"wp-image-1017\" srcset=\"https:\/\/www.sslwrp.goleniow.net.pl\/wp-content\/uploads\/2023\/06\/przemowa-300x212.jpg 300w, https:\/\/www.sslwrp.goleniow.net.pl\/wp-content\/uploads\/2023\/06\/przemowa-1024x724.jpg 1024w, https:\/\/www.sslwrp.goleniow.net.pl\/wp-content\/uploads\/2023\/06\/przemowa-768x543.jpg 768w, https:\/\/www.sslwrp.goleniow.net.pl\/wp-content\/uploads\/2023\/06\/przemowa-1536x1086.jpg 1536w, https:\/\/www.sslwrp.goleniow.net.pl\/wp-content\/uploads\/2023\/06\/przemowa-1170x827.jpg 1170w, https:\/\/www.sslwrp.goleniow.net.pl\/wp-content\/uploads\/2023\/06\/przemowa.jpg 2048w\" sizes=\"auto, (max-width: 300px) 100vw, 300px\" \/><\/a><\/figure>\n\n\n\n<figure class=\"wp-block-image size-medium\"><a href=\"https:\/\/www.sslwrp.goleniow.net.pl\/wp-content\/uploads\/2023\/06\/sztandary.jpg\" target=\"_blank\" rel=\"noreferrer noopener\"><img loading=\"lazy\" decoding=\"async\" width=\"300\" height=\"212\" data-id=\"1019\" src=\"https:\/\/www.sslwrp.goleniow.net.pl\/wp-content\/uploads\/2023\/06\/sztandary-300x212.jpg\" alt=\"\" class=\"wp-image-1019\" srcset=\"https:\/\/www.sslwrp.goleniow.net.pl\/wp-content\/uploads\/2023\/06\/sztandary-300x212.jpg 300w, https:\/\/www.sslwrp.goleniow.net.pl\/wp-content\/uploads\/2023\/06\/sztandary-1024x724.jpg 1024w, https:\/\/www.sslwrp.goleniow.net.pl\/wp-content\/uploads\/2023\/06\/sztandary-768x543.jpg 768w, https:\/\/www.sslwrp.goleniow.net.pl\/wp-content\/uploads\/2023\/06\/sztandary-1536x1086.jpg 1536w, https:\/\/www.sslwrp.goleniow.net.pl\/wp-content\/uploads\/2023\/06\/sztandary-1170x827.jpg 1170w, https:\/\/www.sslwrp.goleniow.net.pl\/wp-content\/uploads\/2023\/06\/sztandary.jpg 2048w\" sizes=\"auto, (max-width: 300px) 100vw, 300px\" \/><\/a><\/figure>\n\n\n\n<figure class=\"wp-block-image size-medium\"><a href=\"https:\/\/www.sslwrp.goleniow.net.pl\/wp-content\/uploads\/2023\/06\/dekorowanie-sztandaru.jpg\" target=\"_blank\" rel=\"noreferrer noopener\"><img loading=\"lazy\" decoding=\"async\" width=\"300\" height=\"212\" data-id=\"1012\" src=\"https:\/\/www.sslwrp.goleniow.net.pl\/wp-content\/uploads\/2023\/06\/dekorowanie-sztandaru-300x212.jpg\" alt=\"\" class=\"wp-image-1012\" srcset=\"https:\/\/www.sslwrp.goleniow.net.pl\/wp-content\/uploads\/2023\/06\/dekorowanie-sztandaru-300x212.jpg 300w, https:\/\/www.sslwrp.goleniow.net.pl\/wp-content\/uploads\/2023\/06\/dekorowanie-sztandaru-1024x724.jpg 1024w, https:\/\/www.sslwrp.goleniow.net.pl\/wp-content\/uploads\/2023\/06\/dekorowanie-sztandaru-768x543.jpg 768w, https:\/\/www.sslwrp.goleniow.net.pl\/wp-content\/uploads\/2023\/06\/dekorowanie-sztandaru-1536x1086.jpg 1536w, https:\/\/www.sslwrp.goleniow.net.pl\/wp-content\/uploads\/2023\/06\/dekorowanie-sztandaru-1170x827.jpg 1170w, https:\/\/www.sslwrp.goleniow.net.pl\/wp-content\/uploads\/2023\/06\/dekorowanie-sztandaru.jpg 2048w\" sizes=\"auto, (max-width: 300px) 100vw, 300px\" \/><\/a><\/figure>\n\n\n\n<figure class=\"wp-block-image size-medium\"><a href=\"https:\/\/www.sslwrp.goleniow.net.pl\/wp-content\/uploads\/2023\/06\/sztandar-szkoly.jpg\" target=\"_blank\" rel=\"noreferrer noopener\"><img loading=\"lazy\" decoding=\"async\" width=\"300\" height=\"212\" data-id=\"1018\" src=\"https:\/\/www.sslwrp.goleniow.net.pl\/wp-content\/uploads\/2023\/06\/sztandar-szkoly-300x212.jpg\" alt=\"\" class=\"wp-image-1018\" srcset=\"https:\/\/www.sslwrp.goleniow.net.pl\/wp-content\/uploads\/2023\/06\/sztandar-szkoly-300x212.jpg 300w, https:\/\/www.sslwrp.goleniow.net.pl\/wp-content\/uploads\/2023\/06\/sztandar-szkoly-1024x724.jpg 1024w, https:\/\/www.sslwrp.goleniow.net.pl\/wp-content\/uploads\/2023\/06\/sztandar-szkoly-768x543.jpg 768w, https:\/\/www.sslwrp.goleniow.net.pl\/wp-content\/uploads\/2023\/06\/sztandar-szkoly-1536x1086.jpg 1536w, https:\/\/www.sslwrp.goleniow.net.pl\/wp-content\/uploads\/2023\/06\/sztandar-szkoly-1170x827.jpg 1170w, https:\/\/www.sslwrp.goleniow.net.pl\/wp-content\/uploads\/2023\/06\/sztandar-szkoly.jpg 2048w\" sizes=\"auto, (max-width: 300px) 100vw, 300px\" \/><\/a><\/figure>\n\n\n\n<figure class=\"wp-block-image size-medium\"><a href=\"https:\/\/www.sslwrp.goleniow.net.pl\/wp-content\/uploads\/2023\/06\/goscie.jpg\" target=\"_blank\" rel=\"noreferrer noopener\"><img loading=\"lazy\" decoding=\"async\" width=\"300\" height=\"212\" data-id=\"1014\" src=\"https:\/\/www.sslwrp.goleniow.net.pl\/wp-content\/uploads\/2023\/06\/goscie-300x212.jpg\" alt=\"\" class=\"wp-image-1014\" srcset=\"https:\/\/www.sslwrp.goleniow.net.pl\/wp-content\/uploads\/2023\/06\/goscie-300x212.jpg 300w, https:\/\/www.sslwrp.goleniow.net.pl\/wp-content\/uploads\/2023\/06\/goscie-1024x724.jpg 1024w, https:\/\/www.sslwrp.goleniow.net.pl\/wp-content\/uploads\/2023\/06\/goscie-768x543.jpg 768w, https:\/\/www.sslwrp.goleniow.net.pl\/wp-content\/uploads\/2023\/06\/goscie-1536x1086.jpg 1536w, https:\/\/www.sslwrp.goleniow.net.pl\/wp-content\/uploads\/2023\/06\/goscie-1170x827.jpg 1170w, https:\/\/www.sslwrp.goleniow.net.pl\/wp-content\/uploads\/2023\/06\/goscie.jpg 2048w\" sizes=\"auto, (max-width: 300px) 100vw, 300px\" \/><\/a><\/figure>\n\n\n\n<figure class=\"wp-block-image size-medium\"><a href=\"https:\/\/www.sslwrp.goleniow.net.pl\/wp-content\/uploads\/2023\/06\/podziekowanie.jpg\" target=\"_blank\" rel=\"noreferrer noopener\"><img loading=\"lazy\" decoding=\"async\" width=\"300\" height=\"212\" data-id=\"1016\" src=\"https:\/\/www.sslwrp.goleniow.net.pl\/wp-content\/uploads\/2023\/06\/podziekowanie-300x212.jpg\" alt=\"\" class=\"wp-image-1016\" srcset=\"https:\/\/www.sslwrp.goleniow.net.pl\/wp-content\/uploads\/2023\/06\/podziekowanie-300x212.jpg 300w, https:\/\/www.sslwrp.goleniow.net.pl\/wp-content\/uploads\/2023\/06\/podziekowanie-1024x724.jpg 1024w, https:\/\/www.sslwrp.goleniow.net.pl\/wp-content\/uploads\/2023\/06\/podziekowanie-768x543.jpg 768w, https:\/\/www.sslwrp.goleniow.net.pl\/wp-content\/uploads\/2023\/06\/podziekowanie-1536x1086.jpg 1536w, https:\/\/www.sslwrp.goleniow.net.pl\/wp-content\/uploads\/2023\/06\/podziekowanie-1170x827.jpg 1170w, https:\/\/www.sslwrp.goleniow.net.pl\/wp-content\/uploads\/2023\/06\/podziekowanie.jpg 2048w\" sizes=\"auto, (max-width: 300px) 100vw, 300px\" \/><\/a><\/figure>\n\n\n\n<figure class=\"wp-block-image size-medium\"><a href=\"https:\/\/www.sslwrp.goleniow.net.pl\/wp-content\/uploads\/2023\/06\/dyrekcja.jpg\" target=\"_blank\" rel=\"noreferrer noopener\"><img loading=\"lazy\" decoding=\"async\" width=\"300\" height=\"212\" data-id=\"1013\" src=\"https:\/\/www.sslwrp.goleniow.net.pl\/wp-content\/uploads\/2023\/06\/dyrekcja-300x212.jpg\" alt=\"\" class=\"wp-image-1013\" srcset=\"https:\/\/www.sslwrp.goleniow.net.pl\/wp-content\/uploads\/2023\/06\/dyrekcja-300x212.jpg 300w, https:\/\/www.sslwrp.goleniow.net.pl\/wp-content\/uploads\/2023\/06\/dyrekcja-1024x724.jpg 1024w, https:\/\/www.sslwrp.goleniow.net.pl\/wp-content\/uploads\/2023\/06\/dyrekcja-768x543.jpg 768w, https:\/\/www.sslwrp.goleniow.net.pl\/wp-content\/uploads\/2023\/06\/dyrekcja-1536x1086.jpg 1536w, https:\/\/www.sslwrp.goleniow.net.pl\/wp-content\/uploads\/2023\/06\/dyrekcja-1170x827.jpg 1170w, https:\/\/www.sslwrp.goleniow.net.pl\/wp-content\/uploads\/2023\/06\/dyrekcja.jpg 2048w\" sizes=\"auto, (max-width: 300px) 100vw, 300px\" \/><\/a><\/figure>\n<\/figure>\n","protected":false},"excerpt":{"rendered":"<p>W pi\u0105tek, 23 czerwca 2023r. w czasie uroczystego zako\u0144czenia roku szkolnego w Zespole Szk\u00f3\u0142 im. Lotnik\u00f3w Polskich w Mostach, delegacja Z\u017bWP i SSLW RP, na<\/p>\n","protected":false},"author":1,"featured_media":0,"parent":0,"menu_order":0,"comment_status":"closed","ping_status":"closed","template":"","meta":{"footnotes":""},"class_list":["post-1361","page","type-page","status-publish","hentry"],"_links":{"self":[{"href":"https:\/\/www.sslwrp.goleniow.net.pl\/index.php?rest_route=\/wp\/v2\/pages\/1361","targetHints":{"allow":["GET"]}}],"collection":[{"href":"https:\/\/www.sslwrp.goleniow.net.pl\/index.php?rest_route=\/wp\/v2\/pages"}],"about":[{"href":"https:\/\/www.sslwrp.goleniow.net.pl\/index.php?rest_route=\/wp\/v2\/types\/page"}],"author":[{"embeddable":true,"href":"https:\/\/www.sslwrp.goleniow.net.pl\/index.php?rest_route=\/wp\/v2\/users\/1"}],"replies":[{"embeddable":true,"href":"https:\/\/www.sslwrp.goleniow.net.pl\/index.php?rest_route=%2Fwp%2Fv2%2Fcomments&post=1361"}],"version-history":[{"count":2,"href":"https:\/\/www.sslwrp.goleniow.net.pl\/index.php?rest_route=\/wp\/v2\/pages\/1361\/revisions"}],"predecessor-version":[{"id":1363,"href":"https:\/\/www.sslwrp.goleniow.net.pl\/index.php?rest_route=\/wp\/v2\/pages\/1361\/revisions\/1363"}],"wp:attachment":[{"href":"https:\/\/www.sslwrp.goleniow.net.pl\/index.php?rest_route=%2Fwp%2Fv2%2Fmedia&parent=1361"}],"curies":[{"name":"wp","href":"https:\/\/api.w.org\/{rel}","templated":true}]}}