{"id":1292,"date":"2024-03-05T21:03:23","date_gmt":"2024-03-05T21:03:23","guid":{"rendered":"https:\/\/www.sslwrp.goleniow.net.pl\/?page_id=1292"},"modified":"2024-03-05T21:12:15","modified_gmt":"2024-03-05T21:12:15","slug":"marian-harbacewicz","status":"publish","type":"page","link":"https:\/\/www.sslwrp.goleniow.net.pl\/?page_id=1292","title":{"rendered":"Marian Harbacewicz"},"content":{"rendered":"\n<figure class=\"wp-block-image size-full is-resized\"><img loading=\"lazy\" decoding=\"async\" width=\"687\" height=\"877\" src=\"https:\/\/www.sslwrp.goleniow.net.pl\/wp-content\/uploads\/2024\/03\/HarMar.png\" alt=\"\" class=\"wp-image-1287\" style=\"width:247px;height:auto\" srcset=\"https:\/\/www.sslwrp.goleniow.net.pl\/wp-content\/uploads\/2024\/03\/HarMar.png 687w, https:\/\/www.sslwrp.goleniow.net.pl\/wp-content\/uploads\/2024\/03\/HarMar-235x300.png 235w\" sizes=\"auto, (max-width: 687px) 100vw, 687px\" \/><\/figure>\n\n\n\n<p class=\"has-black-color has-text-color has-link-color has-medium-font-size wp-elements-bdf7f49d60f338c4610e931d478c8b8a\">W dniu 3 marca 2024 roku, zmar\u0142, w swoim domu, w Poznaniu pp\u0142k in\u017c. pil. Marian Harbacewicz, zas\u0142u\u017cony oficer Lotnictwa Polskiego i by\u0142y zast\u0119pca dow\u00f3dcy 2. plm \u201eKrak\u00f3w\u201d ds. szkolenia z Goleniowa.<\/p>\n\n\n\n<p class=\"has-black-color has-text-color has-link-color has-medium-font-size wp-elements-3d39d4ef0421a688b21e130fe9dda333\">Ten wspania\u0142y pilot urodzi\u0142 si\u0119 5 stycznia 1950 roku w Szudzia\u0142owie w wojew\u00f3dztwie podlaskim. Po uko\u0144czeniu Technikum Budowlanego w \u0141om\u017cy, 15 wrze\u015bnia 1971 roku rozpocz\u0105\u0142 studia w Wy\u017cszej Oficerskiej Szkole Wojsk In\u017cynieryjnych we Wroc\u0142awiu. Po dw\u00f3ch latach na w\u0142asn\u0105 pro\u015bb\u0119 zosta\u0142 przeniesiony do Wy\u017cszej Oficerskiej Szko\u0142y Lotniczej w D\u0119blinie. Po uko\u0144czeniu WOSL w 1975 r. zosta\u0142 skierowany do 6. plmsz do Pi\u0142y na stanowisko pilota, gdzie wykonywa\u0142 loty na samolotach Lim-6bis. W 1978 r. w Centrum Szkolenia Lotniczego w Zamo\u015bciu przeszkoli\u0142 si\u0119 na nadd\u017awi\u0119kowe my\u015bliwce MiG-21.<\/p>\n\n\n\n<p class=\"has-black-color has-text-color has-link-color has-medium-font-size wp-elements-5c29481b04be89cdef9c8661f2efc420\">Po przeszkoleniu w 1978 roku zosta\u0142 przeniesiony do 2. Pu\u0142ku Lotnictwa My\u015bliwskiego \u201eKrak\u00f3w\u201d do Goleniowa, gdzie pe\u0142ni\u0142 obowi\u0105zki na stanowiskach: starszego pilota, dow\u00f3dcy klucz lotniczego, dow\u00f3dcy 1. Eskadry Lotnictwa My\u015bliwskiego i zast\u0119pcy dow\u00f3dcy pu\u0142ku ds. szkolenia. Osi\u0105gn\u0105wszy poziom wyszkolenia 1 klasy realizowa\u0142 strzelania rakietami powietrze-powietrze do celu lec\u0105cego. Uczestniczy\u0142 w trzech sprawdzianach na poligonie w Astrachaniu (ZSRR): raz z 4. Pomorsk\u0105 Dywizj\u0105 Lotnictwa My\u015bliwskiego i dwa razy z 2. Pu\u0142kiem Lotnictwa My\u015bliwskiego \u201eKrak\u00f3w\u201d (1985 i 1989). W 1989 r. w locie nocnym na ma\u0142ej wysoko\u015bci, w warunkach zak\u0142\u00f3ce\u0144 pasywnych, zestrzeli\u0142 ostatni cel str\u0105cony przez Wojska Lotnicze na tym poligonie. Od 1985 r. bra\u0142 udzia\u0142 w pokazach lotniczych na samolotach MiG-21 do czasu wycofania ich z pokaz\u00f3w.<\/p>\n\n\n\n<p class=\"has-black-color has-text-color has-link-color has-medium-font-size wp-elements-fc4f79115317c061e5f8008800b9415e\">B\u0119d\u0105c dow\u00f3dc\u0105 1. Eskadry Lotnictwa My\u015bliwskiego przeprowadzi\u0142 pilota\u017cowy program szkolenia w grupowych walkach powietrznych \u201eeskadra na eskadr\u0119\u201d. Pomimo du\u017cej intensywno\u015bci lot\u00f3w i ilo\u015bci samolot\u00f3w w powietrzu, szkolenie przebieg\u0142o bezpiecznie. W kluczowym etapie szkolenia \u201ewalczy\u0142o\u201d ze sob\u0105 16 samolot\u00f3w i by\u0142o dla pilot\u00f3w olbrzymim do\u015bwiadczeniem.<\/p>\n\n\n\n<p class=\"has-black-color has-text-color has-link-color has-medium-font-size wp-elements-2f849ef0532c0bd50becf3743f94c87c\">Spokojny, zr\u00f3wnowa\u017cony i zawsze pogodny dow\u00f3dca zjedna\u0142 sobie szacunek podw\u0142adnych i powa\u017canie prze\u0142o\u017conych. Za osi\u0105gni\u0119cia oraz efekty jego dzia\u0142a\u0144 w dziedzinie szkolenia m\u0142odych pilot\u00f3w w 1986 r. zdoby\u0142 tytu\u0142 \u201ePilot Roku\u201d 2. plm \u201eKrak\u00f3w\u201d. W 1991 roku odszed\u0142 do rezerwy. By\u0142 Ikon\u0105 Lotnictwa Polskiego i znakomitym wychowawc\u0105 wielu pokole\u0144 lotnik\u00f3w polskich. By\u0142 profesjonalist\u0105 i perfekcjonalist\u0105. Za Swoj\u0105 ogromn\u0105 i wszechstronn\u0105 wiedz\u0119 i wielkie do\u015bwiadczenie by\u0142 szanowany nie tylko w 2. plm \u201eKrak\u00f3w\u201d w Goleniowie, ale tak\u017ce poza nim.<\/p>\n\n\n\n<p class=\"has-black-color has-text-color has-link-color has-medium-font-size wp-elements-24e64e08e123f06dedd8d4cfaa6d2652\">&nbsp;By\u0142 pilotem wojskowym 1 klasy, legitymuj\u0105cy si\u0119 nalotem og\u00f3lnym 1700 godzin na r\u00f3\u017cnego typu statkach powietrznych. Wykonywa\u0142 loty na samolotach: TS-11 \u201eIskra\u201d, Lim-2, Lim-6bis i MiG-21.&nbsp; By\u0142 odznaczony mi\u0119dzy innymi: Srebrnym Krzy\u017cem Zas\u0142ugi (1988), Srebrnym (1985) i Br\u0105zowym (1980) Medalem \u201eSi\u0142y Zbrojne w S\u0142u\u017cbie Ojczyzny\u201d, Z\u0142otym, Srebrnym i Br\u0105zowym Medalem \u201eZa Zas\u0142ugi dla Obronno\u015bci Kraju\u201d. Mieszka\u0142 w Poznaniu. Pozostawi\u0142 \u017bon\u0119 El\u017cbiet\u0119 i dw\u00f3ch Syn\u00f3w: Kamila i Macieja. &nbsp;<\/p>\n\n\n\n<p class=\"has-black-color has-text-color has-link-color has-medium-font-size wp-elements-f8550bbd09fd0beb7392a6159220fd10\">Ceremonia, po\u017cegnalna rozpocznie si\u0119 \u017ca\u0142obn\u0105 Msz\u0105 \u015awi\u0119t\u0105 o godzinie 10.30, 7&nbsp; marca 2024 r. (w czwartek) w ko\u015bciele, p.w. \u015bw. A. Boboli w Poznaniu przy ul. Junikowskiej 48, a nast\u0119pnie o godzinie 11.45 odb\u0119dzie si\u0119 dalsza cz\u0119\u015b\u0107 ceremonii po\u017cegnalnej w Sali Po\u017cegnalnej w Poznaniu przy ul. Cmentarnej 12, po kt\u00f3rej nast\u0105pi odprowadzenie do grobu, gdzie zostanie pochowany. Niech Matka Boska Loreta\u0144ska, opiekunka wszystkich lotnik\u00f3w, ma Go w Swojej opiece. Cze\u015b\u0107 Jego Pami\u0119ci! <\/p>\n\n\n\n<p class=\"has-black-color has-text-color has-link-color has-medium-font-size wp-elements-ceeb6d4cbce5069c7eaa24c7e2780f43\">Opracowa\u0142 Henryk Czy\u017cyk.<\/p>\n","protected":false},"excerpt":{"rendered":"<p>W dniu 3 marca 2024 roku, zmar\u0142, w swoim domu, w Poznaniu pp\u0142k in\u017c. pil. Marian Harbacewicz, zas\u0142u\u017cony oficer Lotnictwa Polskiego i by\u0142y zast\u0119pca dow\u00f3dcy<\/p>\n","protected":false},"author":1,"featured_media":0,"parent":0,"menu_order":0,"comment_status":"closed","ping_status":"closed","template":"","meta":{"footnotes":""},"class_list":["post-1292","page","type-page","status-publish","hentry"],"_links":{"self":[{"href":"https:\/\/www.sslwrp.goleniow.net.pl\/index.php?rest_route=\/wp\/v2\/pages\/1292","targetHints":{"allow":["GET"]}}],"collection":[{"href":"https:\/\/www.sslwrp.goleniow.net.pl\/index.php?rest_route=\/wp\/v2\/pages"}],"about":[{"href":"https:\/\/www.sslwrp.goleniow.net.pl\/index.php?rest_route=\/wp\/v2\/types\/page"}],"author":[{"embeddable":true,"href":"https:\/\/www.sslwrp.goleniow.net.pl\/index.php?rest_route=\/wp\/v2\/users\/1"}],"replies":[{"embeddable":true,"href":"https:\/\/www.sslwrp.goleniow.net.pl\/index.php?rest_route=%2Fwp%2Fv2%2Fcomments&post=1292"}],"version-history":[{"count":2,"href":"https:\/\/www.sslwrp.goleniow.net.pl\/index.php?rest_route=\/wp\/v2\/pages\/1292\/revisions"}],"predecessor-version":[{"id":1298,"href":"https:\/\/www.sslwrp.goleniow.net.pl\/index.php?rest_route=\/wp\/v2\/pages\/1292\/revisions\/1298"}],"wp:attachment":[{"href":"https:\/\/www.sslwrp.goleniow.net.pl\/index.php?rest_route=%2Fwp%2Fv2%2Fmedia&parent=1292"}],"curies":[{"name":"wp","href":"https:\/\/api.w.org\/{rel}","templated":true}]}}

<figure class="wp-block-image size-full is-resized"><img loading="lazy" decoding="async" width="687" height="877" src="https://www.sslwrp.goleniow.net.pl/wp-content/uploads/2024/03/HarMar.png" alt="" class="wp-image-1287" style="width:247px;height:auto" srcset="https://www.sslwrp.goleniow.net.pl/wp-content/uploads/2024/03/HarMar.png 687w, https://www.sslwrp.goleniow.net.pl/wp-content/uploads/2024/03/HarMar-235x300.png 235w" sizes="auto, (max-width: 687px) 100vw, 687px" /></figure>



<p class="has-black-color has-text-color has-link-color has-medium-font-size wp-elements-bdf7f49d60f338c4610e931d478c8b8a">W dniu 3 marca 2024 roku, zmarł, w swoim domu, w Poznaniu ppłk inż. pil. Marian Harbacewicz, zasłużony oficer Lotnictwa Polskiego i były zastępca dowódcy 2. plm „Kraków” ds. szkolenia z Goleniowa.</p>



<p class="has-black-color has-text-color has-link-color has-medium-font-size wp-elements-3d39d4ef0421a688b21e130fe9dda333">Ten wspaniały pilot urodził się 5 stycznia 1950 roku w Szudziałowie w województwie podlaskim. Po ukończeniu Technikum Budowlanego w Łomży, 15 września 1971 roku rozpoczął studia w Wyższej Oficerskiej Szkole Wojsk Inżynieryjnych we Wrocławiu. Po dwóch latach na własną prośbę został przeniesiony do Wyższej Oficerskiej Szkoły Lotniczej w Dęblinie. Po ukończeniu WOSL w 1975 r. został skierowany do 6. plmsz do Piły na stanowisko pilota, gdzie wykonywał loty na samolotach Lim-6bis. W 1978 r. w Centrum Szkolenia Lotniczego w Zamościu przeszkolił się na naddźwiękowe myśliwce MiG-21.</p>



<p class="has-black-color has-text-color has-link-color has-medium-font-size wp-elements-5c29481b04be89cdef9c8661f2efc420">Po przeszkoleniu w 1978 roku został przeniesiony do 2. Pułku Lotnictwa Myśliwskiego „Kraków” do Goleniowa, gdzie pełnił obowiązki na stanowiskach: starszego pilota, dowódcy klucz lotniczego, dowódcy 1. Eskadry Lotnictwa Myśliwskiego i zastępcy dowódcy pułku ds. szkolenia. Osiągnąwszy poziom wyszkolenia 1 klasy realizował strzelania rakietami powietrze-powietrze do celu lecącego. Uczestniczył w trzech sprawdzianach na poligonie w Astrachaniu (ZSRR): raz z 4. Pomorską Dywizją Lotnictwa Myśliwskiego i dwa razy z 2. Pułkiem Lotnictwa Myśliwskiego „Kraków” (1985 i 1989). W 1989 r. w locie nocnym na małej wysokości, w warunkach zakłóceń pasywnych, zestrzelił ostatni cel strącony przez Wojska Lotnicze na tym poligonie. Od 1985 r. brał udział w pokazach lotniczych na samolotach MiG-21 do czasu wycofania ich z pokazów.</p>



<p class="has-black-color has-text-color has-link-color has-medium-font-size wp-elements-fc4f79115317c061e5f8008800b9415e">Będąc dowódcą 1. Eskadry Lotnictwa Myśliwskiego przeprowadził pilotażowy program szkolenia w grupowych walkach powietrznych „eskadra na eskadrę”. Pomimo dużej intensywności lotów i ilości samolotów w powietrzu, szkolenie przebiegło bezpiecznie. W kluczowym etapie szkolenia „walczyło” ze sobą 16 samolotów i było dla pilotów olbrzymim doświadczeniem.</p>



<p class="has-black-color has-text-color has-link-color has-medium-font-size wp-elements-2f849ef0532c0bd50becf3743f94c87c">Spokojny, zrównoważony i zawsze pogodny dowódca zjednał sobie szacunek podwładnych i poważanie przełożonych. Za osiągnięcia oraz efekty jego działań w dziedzinie szkolenia młodych pilotów w 1986 r. zdobył tytuł „Pilot Roku” 2. plm „Kraków”. W 1991 roku odszedł do rezerwy. Był Ikoną Lotnictwa Polskiego i znakomitym wychowawcą wielu pokoleń lotników polskich. Był profesjonalistą i perfekcjonalistą. Za Swoją ogromną i wszechstronną wiedzę i wielkie doświadczenie był szanowany nie tylko w 2. plm „Kraków” w Goleniowie, ale także poza nim.</p>



<p class="has-black-color has-text-color has-link-color has-medium-font-size wp-elements-24e64e08e123f06dedd8d4cfaa6d2652">&nbsp;Był pilotem wojskowym 1 klasy, legitymujący się nalotem ogólnym 1700 godzin na różnego typu statkach powietrznych. Wykonywał loty na samolotach: TS-11 „Iskra”, Lim-2, Lim-6bis i MiG-21.&nbsp; Był odznaczony między innymi: Srebrnym Krzyżem Zasługi (1988), Srebrnym (1985) i Brązowym (1980) Medalem „Siły Zbrojne w Służbie Ojczyzny”, Złotym, Srebrnym i Brązowym Medalem „Za Zasługi dla Obronności Kraju”. Mieszkał w Poznaniu. Pozostawił Żonę Elżbietę i dwóch Synów: Kamila i Macieja. &nbsp;</p>



<p class="has-black-color has-text-color has-link-color has-medium-font-size wp-elements-f8550bbd09fd0beb7392a6159220fd10">Ceremonia, pożegnalna rozpocznie się żałobną Mszą Świętą o godzinie 10.30, 7&nbsp; marca 2024 r. (w czwartek) w kościele, p.w. św. A. Boboli w Poznaniu przy ul. Junikowskiej 48, a następnie o godzinie 11.45 odbędzie się dalsza część ceremonii pożegnalnej w Sali Pożegnalnej w Poznaniu przy ul. Cmentarnej 12, po której nastąpi odprowadzenie do grobu, gdzie zostanie pochowany. Niech Matka Boska Loretańska, opiekunka wszystkich lotników, ma Go w Swojej opiece. Cześć Jego Pamięci! </p>



<p class="has-black-color has-text-color has-link-color has-medium-font-size wp-elements-ceeb6d4cbce5069c7eaa24c7e2780f43">Opracował Henryk Czyżyk.</p>

<p>W dniu 3 marca 2024 roku, zmarł, w swoim domu, w Poznaniu ppłk inż. pil. Marian Harbacewicz, zasłużony oficer Lotnictwa Polskiego i były zastępca dowódcy</p>
