{"id":129,"date":"2022-08-18T14:02:45","date_gmt":"2022-08-18T14:02:45","guid":{"rendered":"https:\/\/www.sslwrp.goleniow.net.pl\/?page_id=129"},"modified":"2024-03-22T21:26:05","modified_gmt":"2024-03-22T21:26:05","slug":"adam-hoderny","status":"publish","type":"page","link":"https:\/\/www.sslwrp.goleniow.net.pl\/?page_id=129","title":{"rendered":"Adam Hoderny"},"content":{"rendered":"<div class=\"wp-block-image\">\n<figure class=\"aligncenter size-full\"><img loading=\"lazy\" decoding=\"async\" width=\"212\" height=\"245\" src=\"https:\/\/www.sslwrp.goleniow.net.pl\/wp-content\/uploads\/2022\/08\/Adam_Hoderny.jpg\" alt=\"Adam_Hoderny\" class=\"wp-image-123\"\/><\/figure>\n<\/div>\n\n\n<p>W dniu 13 sierpnia 2022 roku, zmar\u0142 w szpitalu, w Gdyni pp\u0142k dypl. in\u017c. pil. Adam Hoderny, zas\u0142u\u017cony oficer Lotnictwa Polskiego, cz\u0142onek Zwi\u0105zku \u017bo\u0142nierzy WP i Malborskiego Stowarzyszenia Lotnik\u00f3w. \u015a.p. pp\u0142k dypl. in\u017c. pil. Adam Hoderny urodzi\u0142 si\u0119 18 marca 1952 r. w Stegnie, w pobli\u017cu Gda\u0144ska. Uko\u0144czy\u0142 Szko\u0142\u0119 Podstawow\u0105, a nast\u0119pnie w 1972 r. Liceum Ekonomiczne w Malborku. Tu zakie\u0142kowa\u0142o zainteresowanie lotnictwem. Zauroczony technik\u0105 podj\u0105\u0142 studia w Wy\u017cszej Oficerskiej Szkole Samochodowej w Pile. T\u0119tni\u0105ce \u017cyciem bojowe lotnisko w Pile zafascynowa\u0142o m\u0142odego studenta i po roku nauki, na usilne pro\u015bby przeniesiony zosta\u0142 do d\u0119bli\u0144skiej ,,Szko\u0142y Orl\u0105t\u201d. Pomy\u015blne uko\u0144czenie trzeciego roku studi\u00f3w umo\u017cliwi\u0142o podj\u0119cie szkolenia praktycznego w powietrzu na samolocie TS-11 ,,Iskra\u201d w Radomiu. Po powrocie do D\u0119blina doko\u0144czy\u0142 studia, przeszkoli\u0142 si\u0119 na Lim-5 z perspektyw\u0105 s\u0142u\u017cby w lotnictwie my\u015bliwskim. Promowany w marcu 1976 r. na podporucznika-pilota zawodow\u0105 s\u0142u\u017cb\u0119 w powietrzu rozpocz\u0105\u0142 w 41. plm w Malborku. Szybko da\u0142a o sobie zna\u0107 jego aktywno\u015b\u0107, p\u0119d do osi\u0105gania coraz wy\u017cszych, trwale ugruntowanych umiej\u0119tno\u015bci. Z nalotem osobistym 760 godzin skierowany do TSWL w Zamo\u015bciu, gdzie opanowa\u0142 teoretyczn\u0105 wiedz\u0119 o nadd\u017awi\u0119kowym my\u015bliwcu MiG-21. Po uko\u0144czeniu kursu przeniesiony do 2. plm \u201eKrak\u00f3w\u201d w Goleniowie opanowa\u0142 pilota\u017c nowego my\u015bliwca we wszystkich warunkach atmosferycznych w dzie\u0144 i w nocy, a tak\u017ce operowanie z drogowego odcinka lotniskowego Kliniska. \u015awietne wyniki w powietrzu da\u0142y podstaw\u0119 do uzyskania uprawnie\u0144 instruktorskich. Jego ceniona aktywno\u015b\u0107, bezpieczna realizacja zada\u0144 w powietrzu, a tak\u017ce nienaganny styl bycia z\u0142o\u017cy\u0142y si\u0119 na uhonorowanie go tytu\u0142em ,,Pilota Roku 1983\u201d 2. plm \u201eKrak\u00f3w\u201d. Rok p\u00f3\u017aniej (w czasie nieobecno\u015bci dow\u00f3dcy eskadry) doskonale zaprezentowa\u0142 pododdzia\u0142 w dzia\u0142aniach bojowych podczas inspekcji SZ pu\u0142ku. Wyr\u00f3\u017cnieniem by\u0142o skierowanie na studia w ASG WP bez konieczno\u015bci zdawania egzamin\u00f3w wst\u0119pnych.&nbsp;&nbsp;<\/p>\n\n\n\n<p>Po uko\u0144czeniu studi\u00f3w w 1988 r. powr\u00f3ci\u0142 do macierzystego pu\u0142ku, do Goleniowa, na stanowisko dow\u00f3dcy 3. eskadry lotnictwa my\u015bliwskiego. Dwa lata p\u00f3\u017aniej zosta\u0142 zast\u0119pc\u0105 dow\u00f3dcy 41. plm&nbsp; ds. liniowych w Malborku. Jego inicjatywy w szkoleniu taktyczno-ogniowym pu\u0142ku owocowa\u0142y wysokim poziomem realizacji zada\u0144 szkoleniowo-bojowych. Nic dziwnego, \u017ce w 1995 r. powierzono mu obowi\u0105zki Inspektora Techniki Pilotowania w 2. Korpusie OP w Bydgoszczy, a w latach 1996-1999 by\u0142 szefem Wydzia\u0142u Szkolenia w Szefostwie Lotnictwa Dow\u00f3dztwa WLOP w Warszawie. Obarczony odpowiedzialno\u015bci\u0105 za poziom przygotowania taktyczno-bojowego lotnictwa organizowa\u0142 i przeprowadza\u0142 cenione przez wszystkich kursy dow\u00f3dc\u00f3w lotniczych jednostek ,,ZLOT\u201d. Za d\u0142ugoletni\u0105, tak owocn\u0105 dzia\u0142alno\u015b\u0107 lotnicz\u0105 w 1996 r. uhonorowany zosta\u0142 statuetk\u0105 ,,Ikara\u201d.<\/p>\n\n\n\n<p>W 2000 r. przewodniczy\u0142 polskiej ekipie w mi\u0119dzynarodowych pokazach lotniczych w Londynie prezentuj\u0105c w powietrzu grup\u0119 pilota\u017cow\u0105 ,,Orlik\u201d z 60. lpsz z Radomia. Po powrocie obj\u0105\u0142 stanowisko szefa Oddzia\u0142u Ratownictwa w Dow\u00f3dztwie WLOP, a nast\u0119pnie wr\u00f3ci\u0142 do 1. Brygady Lotnictwa Taktycznego w \u015awidwinie na szefa Szkolenia Lotniczego. Wytypowany do przygotowania pierwszej grupy polskich pilot\u00f3w z 1. plm ,,Warszawa\u201d do dzia\u0142a\u0144 w ramach Si\u0142 Powietrznych NATO, wywi\u0105za\u0142 si\u0119 z tego zadania znakomicie, uzyskuj\u0105c wysokie noty natowskich specjalist\u00f3w i uznanie mi\u0144skich pilot\u00f3w. Mimo nawa\u0142u obowi\u0105zk\u00f3w w 2002 r. uko\u0144czy\u0142 podyplomowe studia z zakresu administracji publicznej w murach Akademii Rolniczej w Szczecinie i po\u017cegna\u0142 si\u0119 z bojowym lotnictwem.<\/p>\n\n\n\n<p>By\u0142 pilotem wojskowym klasy mistrzowskiej, legitymuj\u0105cym si\u0119 nalotem osobistym 2&nbsp;070 godzin, w tym 1600 na my\u015bliwcach nadd\u017awi\u0119kowych. Wykonywa\u0142 zadania na samolotach PZL-130 ,,Orlik\u201d, TS-11 ,,Iskra\u201d, SBLim-2, Lim-5, MiG-21 i Su-22UM3K. B\u0119d\u0105c na emeryturze du\u017co czasu po\u015bwi\u0119ca\u0142 pracy spo\u0142ecznej.. By\u0142 prezesem Ko\u0142a numer 20 Zwi\u0105zku \u017bo\u0142nierzy Wojska Polskiego w Malborku, cz\u0142onkiem Malborskiego Stowarzyszenia Lotnik\u00f3w, cz\u0142onkiem prezydium Pomorskiego Zarz\u0105du Wojew\u00f3dzkiego Z\u017b WP w Gda\u0144sku, przewodnicz\u0105cym Zarz\u0105du Miejskiego Sojuszu Lewicy Demokratycznej w Malborku, radnym Rady Miasta w Malborku, a przede wszystkim dobrym cz\u0142owiekiem. Wsp\u00f3\u0142pracowa\u0142 ze Szko\u0142\u0105 Podstawowa nr 3 im. 2. Pu\u0142ku Nocnych Bombowc\u00f3w \u201eKrak\u00f3w\u201d w Malborku oraz innymi szko\u0142ami i instytucjami. W czerwcu 2022 r. zorganizowa\u0142 w Malborku zjazd absolwent\u00f3w \u201ePromocji \u2013 1976\u201d WOSL. Mieszka\u0142 w Malborku. By\u0142 odznaczony: Z\u0142otym (2002) i Srebrnym (1991) Krzy\u017cem Zas\u0142ugi, Odznak\u0105 i tytu\u0142em honorowym \u201eZas\u0142u\u017cony Pilot Wojskowy RP\u201d (2002) oraz innym odznaczeniami pa\u0144stwowymi i wojskowymi.<\/p>\n\n\n\n<p>Ceremonia \u017ca\u0142obna po\u017cegnalna rozpocznie si\u0119 o godzinie 9.30, 19 sierpnia 2022 r. w ko\u015bciele pw. B\u0142ogos\u0142awionej Urszuli Led\u00f3chowskiej w Malborku, po kt\u00f3rej nast\u0105pi odprowadzenie na cmentarz komunalny w Malborku, gdzie zostanie pochowany. Niech Matka Boska Loreta\u0144ska ma Go w Swojej opiece. Cze\u015b\u0107 Jego Pami\u0119ci!  <\/p>\n\n\n\n<p><em>Informacja oraz tekst Henryk Czy\u017cyk<\/em><\/p>\n","protected":false},"excerpt":{"rendered":"<p>W dniu 13 sierpnia 2022 roku, zmar\u0142 w szpitalu, w Gdyni pp\u0142k dypl. in\u017c. pil. Adam Hoderny, zas\u0142u\u017cony oficer Lotnictwa Polskiego, cz\u0142onek Zwi\u0105zku \u017bo\u0142nierzy WP<\/p>\n","protected":false},"author":1,"featured_media":0,"parent":0,"menu_order":0,"comment_status":"closed","ping_status":"closed","template":"","meta":{"footnotes":""},"class_list":["post-129","page","type-page","status-publish","hentry"],"_links":{"self":[{"href":"https:\/\/www.sslwrp.goleniow.net.pl\/index.php?rest_route=\/wp\/v2\/pages\/129","targetHints":{"allow":["GET"]}}],"collection":[{"href":"https:\/\/www.sslwrp.goleniow.net.pl\/index.php?rest_route=\/wp\/v2\/pages"}],"about":[{"href":"https:\/\/www.sslwrp.goleniow.net.pl\/index.php?rest_route=\/wp\/v2\/types\/page"}],"author":[{"embeddable":true,"href":"https:\/\/www.sslwrp.goleniow.net.pl\/index.php?rest_route=\/wp\/v2\/users\/1"}],"replies":[{"embeddable":true,"href":"https:\/\/www.sslwrp.goleniow.net.pl\/index.php?rest_route=%2Fwp%2Fv2%2Fcomments&post=129"}],"version-history":[{"count":4,"href":"https:\/\/www.sslwrp.goleniow.net.pl\/index.php?rest_route=\/wp\/v2\/pages\/129\/revisions"}],"predecessor-version":[{"id":1347,"href":"https:\/\/www.sslwrp.goleniow.net.pl\/index.php?rest_route=\/wp\/v2\/pages\/129\/revisions\/1347"}],"wp:attachment":[{"href":"https:\/\/www.sslwrp.goleniow.net.pl\/index.php?rest_route=%2Fwp%2Fv2%2Fmedia&parent=129"}],"curies":[{"name":"wp","href":"https:\/\/api.w.org\/{rel}","templated":true}]}}

<div class="wp-block-image">
<figure class="aligncenter size-full"><img loading="lazy" decoding="async" width="212" height="245" src="https://www.sslwrp.goleniow.net.pl/wp-content/uploads/2022/08/Adam_Hoderny.jpg" alt="Adam_Hoderny" class="wp-image-123"/></figure>
</div>


<p>W dniu 13 sierpnia 2022 roku, zmarł w szpitalu, w Gdyni ppłk dypl. inż. pil. Adam Hoderny, zasłużony oficer Lotnictwa Polskiego, członek Związku Żołnierzy WP i Malborskiego Stowarzyszenia Lotników. Ś.p. ppłk dypl. inż. pil. Adam Hoderny urodził się 18 marca 1952 r. w Stegnie, w pobliżu Gdańska. Ukończył Szkołę Podstawową, a następnie w 1972 r. Liceum Ekonomiczne w Malborku. Tu zakiełkowało zainteresowanie lotnictwem. Zauroczony techniką podjął studia w Wyższej Oficerskiej Szkole Samochodowej w Pile. Tętniące życiem bojowe lotnisko w Pile zafascynowało młodego studenta i po roku nauki, na usilne prośby przeniesiony został do dęblińskiej ,,Szkoły Orląt”. Pomyślne ukończenie trzeciego roku studiów umożliwiło podjęcie szkolenia praktycznego w powietrzu na samolocie TS-11 ,,Iskra” w Radomiu. Po powrocie do Dęblina dokończył studia, przeszkolił się na Lim-5 z perspektywą służby w lotnictwie myśliwskim. Promowany w marcu 1976 r. na podporucznika-pilota zawodową służbę w powietrzu rozpoczął w 41. plm w Malborku. Szybko dała o sobie znać jego aktywność, pęd do osiągania coraz wyższych, trwale ugruntowanych umiejętności. Z nalotem osobistym 760 godzin skierowany do TSWL w Zamościu, gdzie opanował teoretyczną wiedzę o naddźwiękowym myśliwcu MiG-21. Po ukończeniu kursu przeniesiony do 2. plm „Kraków” w Goleniowie opanował pilotaż nowego myśliwca we wszystkich warunkach atmosferycznych w dzień i w nocy, a także operowanie z drogowego odcinka lotniskowego Kliniska. Świetne wyniki w powietrzu dały podstawę do uzyskania uprawnień instruktorskich. Jego ceniona aktywność, bezpieczna realizacja zadań w powietrzu, a także nienaganny styl bycia złożyły się na uhonorowanie go tytułem ,,Pilota Roku 1983” 2. plm „Kraków”. Rok później (w czasie nieobecności dowódcy eskadry) doskonale zaprezentował pododdział w działaniach bojowych podczas inspekcji SZ pułku. Wyróżnieniem było skierowanie na studia w ASG WP bez konieczności zdawania egzaminów wstępnych.&nbsp;&nbsp;</p>



<p>Po ukończeniu studiów w 1988 r. powrócił do macierzystego pułku, do Goleniowa, na stanowisko dowódcy 3. eskadry lotnictwa myśliwskiego. Dwa lata później został zastępcą dowódcy 41. plm&nbsp; ds. liniowych w Malborku. Jego inicjatywy w szkoleniu taktyczno-ogniowym pułku owocowały wysokim poziomem realizacji zadań szkoleniowo-bojowych. Nic dziwnego, że w 1995 r. powierzono mu obowiązki Inspektora Techniki Pilotowania w 2. Korpusie OP w Bydgoszczy, a w latach 1996-1999 był szefem Wydziału Szkolenia w Szefostwie Lotnictwa Dowództwa WLOP w Warszawie. Obarczony odpowiedzialnością za poziom przygotowania taktyczno-bojowego lotnictwa organizował i przeprowadzał cenione przez wszystkich kursy dowódców lotniczych jednostek ,,ZLOT”. Za długoletnią, tak owocną działalność lotniczą w 1996 r. uhonorowany został statuetką ,,Ikara”.</p>



<p>W 2000 r. przewodniczył polskiej ekipie w międzynarodowych pokazach lotniczych w Londynie prezentując w powietrzu grupę pilotażową ,,Orlik” z 60. lpsz z Radomia. Po powrocie objął stanowisko szefa Oddziału Ratownictwa w Dowództwie WLOP, a następnie wrócił do 1. Brygady Lotnictwa Taktycznego w Świdwinie na szefa Szkolenia Lotniczego. Wytypowany do przygotowania pierwszej grupy polskich pilotów z 1. plm ,,Warszawa” do działań w ramach Sił Powietrznych NATO, wywiązał się z tego zadania znakomicie, uzyskując wysokie noty natowskich specjalistów i uznanie mińskich pilotów. Mimo nawału obowiązków w 2002 r. ukończył podyplomowe studia z zakresu administracji publicznej w murach Akademii Rolniczej w Szczecinie i pożegnał się z bojowym lotnictwem.</p>



<p>Był pilotem wojskowym klasy mistrzowskiej, legitymującym się nalotem osobistym 2&nbsp;070 godzin, w tym 1600 na myśliwcach naddźwiękowych. Wykonywał zadania na samolotach PZL-130 ,,Orlik”, TS-11 ,,Iskra”, SBLim-2, Lim-5, MiG-21 i Su-22UM3K. Będąc na emeryturze dużo czasu poświęcał pracy społecznej.. Był prezesem Koła numer 20 Związku Żołnierzy Wojska Polskiego w Malborku, członkiem Malborskiego Stowarzyszenia Lotników, członkiem prezydium Pomorskiego Zarządu Wojewódzkiego ZŻ WP w Gdańsku, przewodniczącym Zarządu Miejskiego Sojuszu Lewicy Demokratycznej w Malborku, radnym Rady Miasta w Malborku, a przede wszystkim dobrym człowiekiem. Współpracował ze Szkołą Podstawowa nr 3 im. 2. Pułku Nocnych Bombowców „Kraków” w Malborku oraz innymi szkołami i instytucjami. W czerwcu 2022 r. zorganizował w Malborku zjazd absolwentów „Promocji – 1976” WOSL. Mieszkał w Malborku. Był odznaczony: Złotym (2002) i Srebrnym (1991) Krzyżem Zasługi, Odznaką i tytułem honorowym „Zasłużony Pilot Wojskowy RP” (2002) oraz innym odznaczeniami państwowymi i wojskowymi.</p>



<p>Ceremonia żałobna pożegnalna rozpocznie się o godzinie 9.30, 19 sierpnia 2022 r. w kościele pw. Błogosławionej Urszuli Ledóchowskiej w Malborku, po której nastąpi odprowadzenie na cmentarz komunalny w Malborku, gdzie zostanie pochowany. Niech Matka Boska Loretańska ma Go w Swojej opiece. Cześć Jego Pamięci!  </p>



<p><em>Informacja oraz tekst Henryk Czyżyk</em></p>

<p>W dniu 13 sierpnia 2022 roku, zmarł w szpitalu, w Gdyni ppłk dypl. inż. pil. Adam Hoderny, zasłużony oficer Lotnictwa Polskiego, członek Związku Żołnierzy WP</p>
