{"id":1193,"date":"2023-11-28T22:26:51","date_gmt":"2023-11-28T22:26:51","guid":{"rendered":"https:\/\/www.sslwrp.goleniow.net.pl\/?page_id=1193"},"modified":"2023-12-18T20:34:26","modified_gmt":"2023-12-18T20:34:26","slug":"pogrzeb-plk-pil-zbigniewa-biedrzyckiego","status":"publish","type":"page","link":"https:\/\/www.sslwrp.goleniow.net.pl\/?page_id=1193","title":{"rendered":"Pogrzeb p\u0142k pil. Zbigniewa Biedrzyckiego"},"content":{"rendered":"\n<figure class=\"wp-block-gallery has-nested-images columns-default is-cropped has-cyan-bluish-gray-background-color has-background wp-block-gallery-1 is-layout-flex wp-block-gallery-is-layout-flex\">\n<figure class=\"wp-block-image size-large\"><img loading=\"lazy\" decoding=\"async\" width=\"1024\" height=\"724\" data-id=\"1189\" src=\"https:\/\/www.sslwrp.goleniow.net.pl\/wp-content\/uploads\/2023\/11\/urna3-1024x724.jpg\" alt=\"\" class=\"wp-image-1189\" srcset=\"https:\/\/www.sslwrp.goleniow.net.pl\/wp-content\/uploads\/2023\/11\/urna3-1024x724.jpg 1024w, https:\/\/www.sslwrp.goleniow.net.pl\/wp-content\/uploads\/2023\/11\/urna3-300x212.jpg 300w, https:\/\/www.sslwrp.goleniow.net.pl\/wp-content\/uploads\/2023\/11\/urna3-768x543.jpg 768w, https:\/\/www.sslwrp.goleniow.net.pl\/wp-content\/uploads\/2023\/11\/urna3-1536x1086.jpg 1536w, https:\/\/www.sslwrp.goleniow.net.pl\/wp-content\/uploads\/2023\/11\/urna3-1170x827.jpg 1170w, https:\/\/www.sslwrp.goleniow.net.pl\/wp-content\/uploads\/2023\/11\/urna3.jpg 2048w\" sizes=\"auto, (max-width: 1024px) 100vw, 1024px\" \/><\/figure>\n\n\n\n<figure class=\"wp-block-image size-large\"><img loading=\"lazy\" decoding=\"async\" width=\"1024\" height=\"724\" data-id=\"1190\" src=\"https:\/\/www.sslwrp.goleniow.net.pl\/wp-content\/uploads\/2023\/11\/urna1-1024x724.jpg\" alt=\"\" class=\"wp-image-1190\" srcset=\"https:\/\/www.sslwrp.goleniow.net.pl\/wp-content\/uploads\/2023\/11\/urna1-1024x724.jpg 1024w, https:\/\/www.sslwrp.goleniow.net.pl\/wp-content\/uploads\/2023\/11\/urna1-300x212.jpg 300w, https:\/\/www.sslwrp.goleniow.net.pl\/wp-content\/uploads\/2023\/11\/urna1-768x543.jpg 768w, https:\/\/www.sslwrp.goleniow.net.pl\/wp-content\/uploads\/2023\/11\/urna1-1536x1086.jpg 1536w, https:\/\/www.sslwrp.goleniow.net.pl\/wp-content\/uploads\/2023\/11\/urna1-1170x827.jpg 1170w, https:\/\/www.sslwrp.goleniow.net.pl\/wp-content\/uploads\/2023\/11\/urna1.jpg 2048w\" sizes=\"auto, (max-width: 1024px) 100vw, 1024px\" \/><\/figure>\n\n\n\n<figure class=\"wp-block-image\"><img loading=\"lazy\" decoding=\"async\" width=\"2048\" height=\"1448\" data-id=\"1184\" src=\"https:\/\/www.sslwrp.goleniow.net.pl\/wp-content\/uploads\/2023\/11\/warta.jpg\" alt=\"\" class=\"wp-image-1184\" srcset=\"https:\/\/www.sslwrp.goleniow.net.pl\/wp-content\/uploads\/2023\/11\/warta.jpg 2048w, https:\/\/www.sslwrp.goleniow.net.pl\/wp-content\/uploads\/2023\/11\/warta-300x212.jpg 300w, https:\/\/www.sslwrp.goleniow.net.pl\/wp-content\/uploads\/2023\/11\/warta-1024x724.jpg 1024w, https:\/\/www.sslwrp.goleniow.net.pl\/wp-content\/uploads\/2023\/11\/warta-768x543.jpg 768w, https:\/\/www.sslwrp.goleniow.net.pl\/wp-content\/uploads\/2023\/11\/warta-1536x1086.jpg 1536w, https:\/\/www.sslwrp.goleniow.net.pl\/wp-content\/uploads\/2023\/11\/warta-1170x827.jpg 1170w\" sizes=\"auto, (max-width: 2048px) 100vw, 2048px\" \/><\/figure>\n\n\n\n<figure class=\"wp-block-image size-large\"><img loading=\"lazy\" decoding=\"async\" width=\"1024\" height=\"724\" data-id=\"1185\" src=\"https:\/\/www.sslwrp.goleniow.net.pl\/wp-content\/uploads\/2023\/11\/kondukt-1024x724.jpg\" alt=\"\" class=\"wp-image-1185\" srcset=\"https:\/\/www.sslwrp.goleniow.net.pl\/wp-content\/uploads\/2023\/11\/kondukt-1024x724.jpg 1024w, https:\/\/www.sslwrp.goleniow.net.pl\/wp-content\/uploads\/2023\/11\/kondukt-300x212.jpg 300w, https:\/\/www.sslwrp.goleniow.net.pl\/wp-content\/uploads\/2023\/11\/kondukt-768x543.jpg 768w, https:\/\/www.sslwrp.goleniow.net.pl\/wp-content\/uploads\/2023\/11\/kondukt-1536x1086.jpg 1536w, https:\/\/www.sslwrp.goleniow.net.pl\/wp-content\/uploads\/2023\/11\/kondukt-1170x827.jpg 1170w, https:\/\/www.sslwrp.goleniow.net.pl\/wp-content\/uploads\/2023\/11\/kondukt.jpg 2048w\" sizes=\"auto, (max-width: 1024px) 100vw, 1024px\" \/><\/figure>\n\n\n\n<figure class=\"wp-block-image size-large\"><img loading=\"lazy\" decoding=\"async\" width=\"1024\" height=\"724\" data-id=\"1188\" src=\"https:\/\/www.sslwrp.goleniow.net.pl\/wp-content\/uploads\/2023\/11\/przy-grobie3-1024x724.jpg\" alt=\"\" class=\"wp-image-1188\" srcset=\"https:\/\/www.sslwrp.goleniow.net.pl\/wp-content\/uploads\/2023\/11\/przy-grobie3-1024x724.jpg 1024w, https:\/\/www.sslwrp.goleniow.net.pl\/wp-content\/uploads\/2023\/11\/przy-grobie3-300x212.jpg 300w, https:\/\/www.sslwrp.goleniow.net.pl\/wp-content\/uploads\/2023\/11\/przy-grobie3-768x543.jpg 768w, https:\/\/www.sslwrp.goleniow.net.pl\/wp-content\/uploads\/2023\/11\/przy-grobie3-1536x1086.jpg 1536w, https:\/\/www.sslwrp.goleniow.net.pl\/wp-content\/uploads\/2023\/11\/przy-grobie3-1170x827.jpg 1170w, https:\/\/www.sslwrp.goleniow.net.pl\/wp-content\/uploads\/2023\/11\/przy-grobie3.jpg 2048w\" sizes=\"auto, (max-width: 1024px) 100vw, 1024px\" \/><\/figure>\n\n\n\n<figure class=\"wp-block-image size-large\"><img loading=\"lazy\" decoding=\"async\" width=\"1024\" height=\"724\" data-id=\"1187\" src=\"https:\/\/www.sslwrp.goleniow.net.pl\/wp-content\/uploads\/2023\/11\/przy-grobie1-1024x724.jpg\" alt=\"\" class=\"wp-image-1187\" srcset=\"https:\/\/www.sslwrp.goleniow.net.pl\/wp-content\/uploads\/2023\/11\/przy-grobie1-1024x724.jpg 1024w, https:\/\/www.sslwrp.goleniow.net.pl\/wp-content\/uploads\/2023\/11\/przy-grobie1-300x212.jpg 300w, https:\/\/www.sslwrp.goleniow.net.pl\/wp-content\/uploads\/2023\/11\/przy-grobie1-768x543.jpg 768w, https:\/\/www.sslwrp.goleniow.net.pl\/wp-content\/uploads\/2023\/11\/przy-grobie1-1536x1086.jpg 1536w, https:\/\/www.sslwrp.goleniow.net.pl\/wp-content\/uploads\/2023\/11\/przy-grobie1-1170x827.jpg 1170w, https:\/\/www.sslwrp.goleniow.net.pl\/wp-content\/uploads\/2023\/11\/przy-grobie1.jpg 2048w\" sizes=\"auto, (max-width: 1024px) 100vw, 1024px\" \/><\/figure>\n<\/figure>\n\n\n\n<p class=\"has-text-align-right has-small-font-size\"><em>Foto Janusz Mado\u0144<\/em><\/p>\n\n\n\n<p><strong>W dniu 22 listopada 2023 roku, w Goleniowie zmar\u0142 <em>p\u0142k pil. Zbigniew Biedrzycki<\/em>, zas\u0142u\u017cony oficer Lotnictwa Polskiego, by\u0142y dow\u00f3dca 2. plm \u201eKrak\u00f3w\u201d w Goleniowie, cz\u0142onek Oddzia\u0142u Goleniowskiego Stowarzyszenia Senior\u00f3w Lotnictwa Wojskowego RP, cz\u0142onek Zwi\u0105zku \u017bo\u0142nierzy WP i cz\u0142onek Klubu Senior\u00f3w 3. DLMB.<\/strong><\/p>\n\n\n\n<p class=\"has-vivid-cyan-blue-color has-text-color has-link-color wp-elements-82677433b7c2953a419dddee1ce99331\"><strong><em>Pierwszym pilotem, kt\u00f3ry tego dokona\u0142, l\u0105dowania na Drogowym Odcinku Lotniskowym Kliniska ko\u0142o Szczecina, na samolocie MiG-21 by\u0142 kpt. pil. Zbigniew Biedrzycki z 4. plm \u201eKrak\u00f3w\u201d z Goleniowa. By\u0142 w grupie, kt\u00f3ra prezentowa\u0142a samoloty MIG-21F-13 w czasie pokaz\u00f3w lotniczych, a w 1974 r. by\u0142 oblatywaczem MiG-21F-13 w Syrii.<\/em><\/strong><\/p>\n\n\n\n<p class=\"has-vivid-cyan-blue-color has-text-color has-link-color wp-elements-e9a324eded5063fa9d06fa59438da9a5\"><strong><em>Ten wspania\u0142y pilot urodzi\u0142 si\u0119 21 pa\u017adziernika 1932 r. w Skar\u017cysku Kamiennej. Po uko\u0144czeniu Liceum Og\u00f3lnokszta\u0142c\u0105cego w K\u0142odzku, 9 wrze\u015bnia 1952 r. wst\u0105pi\u0142 do Oficerskiej Szko\u0142y Lotniczej Nr 4 w D\u0119blinie. Szlify oficerskie i odznak\u0119 pilota wojskowego otrzyma\u0142 1 kwietnia 1955 r. Zawodow\u0105 s\u0142u\u017cb\u0119 wojskow\u0105 rozpocz\u0105\u0142 w 4. Pu\u0142ku Lotnictwa Szturmowego w Bydgoszczy. Od 6 maja 1957 r. by\u0142 dow\u00f3dc\u0105 klucza w 4. Pu\u0142ku Lotnictwa My\u015bliwskiego \u201eKrak\u00f3w\u201d w Goleniowie. W pu\u0142ku tym, od 3 czerwca 1958 r. by\u0142 nawigatorem eskadry lotniczej, od 5 stycznia 1959 r. zast\u0119pc\u0105 dow\u00f3dcy eskadry lotniczej, od 8 kwietnia 1964 r. dow\u00f3dc\u0105 1. eskadry lotnictwa my\u015bliwskiego (do 5 sierpnia 1966 r.). Od 10 sierpnia 1966 r. by\u0142 szefem strzelania powietrznego pu\u0142ku, a w okresie od 10 pa\u017adziernika 1972 r. do 12 grudnia 1980 r. zast\u0119pc\u0105 dow\u00f3dcy 2. Pu\u0142ku Lotnictwa My\u015bliwskiego \u201eKrak\u00f3w\u201d ds. szkolenia (w 1967 r. 4. plm \u201eKrak\u00f3w\u201d zmieni\u0142 nazw\u0119 na 2. Pu\u0142k Lotnictwa My\u015bliwskiego \u201eKrak\u00f3w\u201d). 14 grudnia 1980 r. zosta\u0142 dow\u00f3dc\u0105 2. Pu\u0142ku Lotnictwa My\u015bliwskiego \u201eKrak\u00f3w\u201d w Goleniowie i pozostawa\u0142 na tym stanowisku do 30 maja 1982 r. Po przekazaniu obowi\u0105zk\u00f3w dow\u00f3dcy swojemu nast\u0119pcy zosta\u0142 starszym inspektorem Bezpiecze\u0144stwa Lot\u00f3w w dow\u00f3dztwie 4. Pomorskiej Dywizji Lotnictwa My\u015bliwskiego w Malborku (do 25 maja 1984 r.). Nast\u0119pnie by\u0142 starszym instruktorem w 2. Pu\u0142ku Lotnictwa My\u015bliwskiego \u201eKrak\u00f3w\u201d w Goleniowie (do 5 kwietnia 1987 r.). W marcu 1987 r. odby\u0142 lot po\u017cegnalny na samolocie MiG-21 z pp\u0142k. dypl. in\u017c. pil. Ryszardem Olszewskim, dow\u00f3dc\u0105 2. plm \u201eKrak\u00f3w\u201d. W dniu 5 kwietnia 1987 r. ze wzgl\u0119du na stan zdrowia odszed\u0142 ze s\u0142u\u017cby wojskowej w stan spoczynku. Przez kolejne trzy lata by\u0142 inspektorem BHP w PGR Goleni\u00f3w. By\u0142 pilotem wojskowym klasy mistrzowskiej z nalotem og\u00f3lnym 4150 godzin, w tym ponad 3000 godzin na samolotach MiG-21. By\u0142 Ikon\u0105 Lotnictwa Polskiego. By\u0142 odznaczony: Krzy\u017cem Kawalerskim Orderu Odrodzenia Polski (1976) Z\u0142otym, Srebrnym i Br\u0105zowym Krzy\u017cem Zas\u0142ugi, Z\u0142otym, Srebrnym i Br\u0105zowym Medalem \u201eZa Zas\u0142ugi dla Obronno\u015bci Kraju\u201d Z\u0142otym, Srebrnym i Br\u0105zowym Medalem \u201eSi\u0142y Zbrojne w S\u0142u\u017cbie Ojczyzny\u201d, Medalem \u201eZas\u0142u\u017cony dla Lotnictwa\u201d, za zas\u0142ugi po\u0142o\u017cone dla rozwoju Pomorza Zachodniego Odznak\u0105 \u201eGryfa Pomorskiego\u201d oraz innymi odznaczeniami pa\u0144stwowymi i resortowymi. Posiada\u0142 tytu\u0142 honorowy i odznak\u0119 \u201eZas\u0142u\u017conego Pilota Wojskowego\u201d (nadane w 1980 r.). Mieszka\u0142 w Goleniowie. By\u0142 \u017conaty z Ma\u0142\u017conk\u0105 \u015b.p. Halin\u0105. Mia\u0142 Syna Waldemara i C\u00f3rk\u0119 Barbar\u0119. Interesowa\u0142 si\u0119 histori\u0105 lotnictwa i sportem oraz uprawia\u0142 turystyk\u0119.<\/em><\/strong><\/p>\n\n\n\n<p>Ceremonia \u017ca\u0142obna po\u017cegnalna rozpocznie si\u0119 <strong>o godzinie 12.00, 24 listopada 2023 r. w ko\u015bciele p.w. \u015bw. Jerzego w Goleniowie.<\/strong> Nast\u0119pnie w godzinach 13.00\u201313.30 w Kaplicy, na cmentarzu komunalnym w Goleniowie przy ul. Przestrzennej 1 zostanie wystawiona Urna z prochami zmar\u0142ego, po czym nast\u0105pi odprowadzenie do grobu.<\/p>\n\n\n\n<p class=\"has-small-font-size\"><em>Opracowa\u0142 p\u0142k dr in\u017c. Henryk Czy\u017cyk<\/em><\/p>\n\n\n\n<p><\/p>\n","protected":false},"excerpt":{"rendered":"<p>Foto Janusz Mado\u0144 W dniu 22 listopada 2023 roku, w Goleniowie zmar\u0142 p\u0142k pil. Zbigniew Biedrzycki, zas\u0142u\u017cony oficer Lotnictwa Polskiego, by\u0142y dow\u00f3dca 2. plm \u201eKrak\u00f3w\u201d<\/p>\n","protected":false},"author":1,"featured_media":0,"parent":0,"menu_order":0,"comment_status":"closed","ping_status":"closed","template":"","meta":{"footnotes":""},"class_list":["post-1193","page","type-page","status-publish","hentry"],"_links":{"self":[{"href":"https:\/\/www.sslwrp.goleniow.net.pl\/index.php?rest_route=\/wp\/v2\/pages\/1193","targetHints":{"allow":["GET"]}}],"collection":[{"href":"https:\/\/www.sslwrp.goleniow.net.pl\/index.php?rest_route=\/wp\/v2\/pages"}],"about":[{"href":"https:\/\/www.sslwrp.goleniow.net.pl\/index.php?rest_route=\/wp\/v2\/types\/page"}],"author":[{"embeddable":true,"href":"https:\/\/www.sslwrp.goleniow.net.pl\/index.php?rest_route=\/wp\/v2\/users\/1"}],"replies":[{"embeddable":true,"href":"https:\/\/www.sslwrp.goleniow.net.pl\/index.php?rest_route=%2Fwp%2Fv2%2Fcomments&post=1193"}],"version-history":[{"count":3,"href":"https:\/\/www.sslwrp.goleniow.net.pl\/index.php?rest_route=\/wp\/v2\/pages\/1193\/revisions"}],"predecessor-version":[{"id":1210,"href":"https:\/\/www.sslwrp.goleniow.net.pl\/index.php?rest_route=\/wp\/v2\/pages\/1193\/revisions\/1210"}],"wp:attachment":[{"href":"https:\/\/www.sslwrp.goleniow.net.pl\/index.php?rest_route=%2Fwp%2Fv2%2Fmedia&parent=1193"}],"curies":[{"name":"wp","href":"https:\/\/api.w.org\/{rel}","templated":true}]}}