{"id":104,"date":"2022-08-19T17:49:44","date_gmt":"2022-08-19T17:49:44","guid":{"rendered":"https:\/\/www.sslwrp.goleniow.net.pl\/?page_id=104"},"modified":"2025-02-02T13:10:11","modified_gmt":"2025-02-02T13:10:11","slug":"o-nas","status":"publish","type":"page","link":"https:\/\/www.sslwrp.goleniow.net.pl\/?page_id=104","title":{"rendered":"O Nas"},"content":{"rendered":"\n<div class=\"wp-block-buttons is-layout-flex wp-block-buttons-is-layout-flex\">\n<div class=\"wp-block-button has-custom-width wp-block-button__width-25 has-custom-font-size is-style-outline has-small-font-size is-style-outline--1\"><a class=\"wp-block-button__link has-vivid-cyan-blue-color has-text-color wp-element-button\" href=\"https:\/\/www.sslwrp.goleniow.net.pl\/?page_id=477(otworzy si\u0119 w nowej karcie)\" style=\"border-radius:100px\"><strong>Dokumenty do pobrania<\/strong><\/a><\/div>\n<\/div>\n\n\n\n<div style=\"height:100px\" aria-hidden=\"true\" class=\"wp-block-spacer\"><\/div>\n\n\n\n<h2 class=\"wp-block-heading has-text-align-center has-vivid-cyan-blue-color has-text-color\"><strong><em>ODDZIA\u0141 W GOLENIOWIE<\/em><\/strong><\/h2>\n\n\n\n<blockquote class=\"wp-block-quote has-medium-font-size is-layout-flow wp-block-quote-is-layout-flow\">\n<p>     <em>Po rozwi\u0105zaniu 2 plm &#8222;Krak\u00f3w&#8221; pozosta\u0142a w Goleniowie cz\u0119\u015b\u0107 oficer\u00f3w rezerwy d\u0105\u017cy\u0142a do utworzenia organizacji maj\u0105cej na celu integracj\u0119 \u015brodowiska. Dzi\u0119ki staraniom kilku koleg\u00f3w zawi\u0105zany zosta\u0142 Komitet Za\u0142o\u017cycielski, kt\u00f3ry doprowadzi\u0142 do powstania &#8211; w ramach og\u00f3lnokrajowego Stowarzyszenia &#8211; naszego Oddzia\u0142u w Goleniowie. <\/em><\/p>\n\n\n\n<p><em><strong>W dniu 08.06.2004r. odby\u0142o si\u0119 zebranie za\u0142o\u017cycielskie<\/strong> w kt\u00f3rym uczestniczy\u0142o 19 koleg\u00f3w. Na podstawie Uchwa\u0142y Nr. 24 Zarz\u0105du G\u0142\u00f3wnego SSLWRP z dnia 05.10.2004r.&nbsp; zosta\u0142 formalnie powo\u0142any Oddzia\u0142 Goleniowski.<\/em><\/p>\n\n\n\n<p><em><strong>Pierwszym Prezesem Oddzia\u0142u wybrany zosta\u0142 kol. Jacek Adamczyk.<\/strong> Po wyborach w dniu 12.01.2007r. funkcj\u0119 Prezesa Oddzia\u0142u pe\u0142ni\u0142 wybrany na to stanowisko kolega W\u0142adys\u0142aw Puczko, a po Jego odej\u015bciu (zmar\u0142 31.01.2013r.) obowi\u0105zki te na mocy uchwa\u0142y zarz\u0105du do ko\u0144ca kadencji pe\u0142ni\u0142 dotychczasowy wiceprezes kol. Zbigniew Skowro\u0144ski. Walne zebranie Oddzia\u0142u w dniu 12.XII.2014r. jednomy\u015blnie prolongowa\u0142o istniej\u0105ce status quo na kolejn\u0105 kadencj\u0119. Ponadto sk\u0142ad zarz\u0105du tworz\u0105 koledzy: Antoni Borys (sekretarz), Kazimierz Milewski (skarbnik), Maciej Przychodzie\u0144 (rzecznik dyscyplinarny) oraz Antoni Budzi\u0144ski (cz\u0142onek zarz\u0105du) &#8211; stan na 23.08.2019r.<\/em><\/p>\n<\/blockquote>\n\n\n\n<h2 class=\"wp-block-heading has-text-align-center has-vivid-cyan-blue-color has-text-color\" style=\"font-size:30px;font-style:italic;font-weight:700;text-transform:capitalize\"><em>Zarz\u0105d Oddzia\u0142u Goleniowskiego SSLW RP<\/em><\/h2>\n\n\n\n<ul class=\"wp-block-list\">\n<li class=\"has-medium-font-size\"><strong>Prezes <\/strong>                  &#8211; <em>Zbigniew Skowro\u0144ski<\/em><\/li>\n\n\n\n<li class=\"has-medium-font-size\"><strong>Sekretarz<\/strong>              &#8211; <em>Antoni Borys<\/em><\/li>\n\n\n\n<li class=\"has-medium-font-size\"><strong>Skarbnik<\/strong>               &#8211; <em>Kazimierz Milewski<\/em><\/li>\n\n\n\n<li class=\"has-medium-font-size\"><strong>Rzecznik dysc<\/strong>.      &#8211; <em>Maciej Przychodze\u0144<\/em><\/li>\n\n\n\n<li class=\"has-medium-font-size\"><strong>Cz\u0142onek<\/strong> <strong>zarz\u0105du<\/strong>  &#8211; <em>Antoni Budzi\u0144ski<\/em><\/li>\n<\/ul>\n\n\n\n<figure class=\"wp-block-table has-medium-font-size\"><table class=\"has-vivid-green-cyan-color has-text-color\"><tbody><tr><td class=\"has-text-align-center\" data-align=\"center\"><strong>KRS &#8211; 0000089806<\/strong> <br><br><strong>Adres: &nbsp;&nbsp;STOWARZYSZENIE SENIOR\u00d3W LOTNICTWA WOJSKOWEGO RP<\/strong><br><strong>oddzia\u0142 w Goleniowie<br>Centrum Aktywno\u015bci Lokalnej<br>ul. Wojska Polskiego 28&nbsp;<\/strong><br><strong>72-100 Goleni\u00f3w<\/strong><br> <br><strong>e-mail:&nbsp; senlot@vp.pl<\/strong><\/td><\/tr><\/tbody><\/table><\/figure>\n\n\n\n<p><\/p>\n\n\n\n<p class=\"has-text-align-center has-vivid-cyan-blue-color has-text-color has-large-font-size\"><em><strong>Filmy do obejrzenia na portalu YouTube<\/strong><\/em><\/p>\n\n\n\n<figure class=\"wp-block-gallery has-nested-images columns-default is-cropped wp-block-gallery-2 is-layout-flex wp-block-gallery-is-layout-flex\">\n<figure class=\"wp-block-image size-large\"><a href=\"https:\/\/www.youtube.com\/watch?v=wAq0gu6tamQ\" target=\"_blank\" rel=\"noreferrer noopener\"><img loading=\"lazy\" decoding=\"async\" width=\"362\" height=\"205\" data-id=\"228\" src=\"https:\/\/www.sslwrp.goleniow.net.pl\/wp-content\/uploads\/2022\/08\/autostrada-1992.jpg\" alt=\"\" class=\"wp-image-228\" srcset=\"https:\/\/www.sslwrp.goleniow.net.pl\/wp-content\/uploads\/2022\/08\/autostrada-1992.jpg 362w, https:\/\/www.sslwrp.goleniow.net.pl\/wp-content\/uploads\/2022\/08\/autostrada-1992-300x170.jpg 300w\" sizes=\"auto, (max-width: 362px) 100vw, 362px\" \/><\/a><figcaption class=\"wp-element-caption\"><strong>Autostrada 1992<\/strong><\/figcaption><\/figure>\n\n\n\n<figure class=\"wp-block-image size-large\"><a href=\"https:\/\/www.youtube.com\/watch?v=mX5_JeHTeJw\" target=\"_blank\" rel=\"noreferrer noopener\"><img loading=\"lazy\" decoding=\"async\" width=\"362\" height=\"205\" data-id=\"224\" src=\"https:\/\/www.sslwrp.goleniow.net.pl\/wp-content\/uploads\/2022\/08\/weterani-dywizjonu-308.jpg\" alt=\"\" class=\"wp-image-224\" srcset=\"https:\/\/www.sslwrp.goleniow.net.pl\/wp-content\/uploads\/2022\/08\/weterani-dywizjonu-308.jpg 362w, https:\/\/www.sslwrp.goleniow.net.pl\/wp-content\/uploads\/2022\/08\/weterani-dywizjonu-308-300x170.jpg 300w\" sizes=\"auto, (max-width: 362px) 100vw, 362px\" \/><\/a><figcaption class=\"wp-element-caption\"><strong>Odwiedziny Weteran\u00f3w<\/strong><\/figcaption><\/figure>\n\n\n\n<figure class=\"wp-block-image size-large\"><a href=\"https:\/\/www.youtube.com\/watch?v=B0CeWCY84VY\" target=\"_blank\" rel=\"noreferrer noopener\"><img loading=\"lazy\" decoding=\"async\" width=\"361\" height=\"205\" data-id=\"223\" src=\"https:\/\/www.sslwrp.goleniow.net.pl\/wp-content\/uploads\/2022\/08\/sw-lotnictwa-2016.jpg\" alt=\"\" class=\"wp-image-223\" srcset=\"https:\/\/www.sslwrp.goleniow.net.pl\/wp-content\/uploads\/2022\/08\/sw-lotnictwa-2016.jpg 361w, https:\/\/www.sslwrp.goleniow.net.pl\/wp-content\/uploads\/2022\/08\/sw-lotnictwa-2016-300x170.jpg 300w\" sizes=\"auto, (max-width: 361px) 100vw, 361px\" \/><\/a><figcaption class=\"wp-element-caption\"><strong>\u015awi\u0119to Lotnictwo<\/strong> 2016<\/figcaption><\/figure>\n\n\n\n<figure class=\"wp-block-image size-large\"><a href=\"https:\/\/www.youtube.com\/watch?v=ANukGB2QYi8\" target=\"_blank\" rel=\"noreferrer noopener\"><img loading=\"lazy\" decoding=\"async\" width=\"363\" height=\"206\" data-id=\"222\" src=\"https:\/\/www.sslwrp.goleniow.net.pl\/wp-content\/uploads\/2022\/08\/pozegnanie-sztandaru.jpg\" alt=\"\" class=\"wp-image-222\" srcset=\"https:\/\/www.sslwrp.goleniow.net.pl\/wp-content\/uploads\/2022\/08\/pozegnanie-sztandaru.jpg 363w, https:\/\/www.sslwrp.goleniow.net.pl\/wp-content\/uploads\/2022\/08\/pozegnanie-sztandaru-300x170.jpg 300w\" sizes=\"auto, (max-width: 363px) 100vw, 363px\" \/><\/a><figcaption class=\"wp-element-caption\"><strong>Po\u017cegnanie Sztandaru<\/strong><\/figcaption><\/figure>\n\n\n\n<figure class=\"wp-block-image size-large\"><a href=\"https:\/\/www.youtube.com\/watch?v=wAq0gu6tamQ\" target=\"_blank\" rel=\"noreferrer noopener\"><img loading=\"lazy\" decoding=\"async\" width=\"363\" height=\"206\" data-id=\"221\" src=\"https:\/\/www.sslwrp.goleniow.net.pl\/wp-content\/uploads\/2022\/08\/ostatni-wylot.jpg\" alt=\"\" class=\"wp-image-221\" srcset=\"https:\/\/www.sslwrp.goleniow.net.pl\/wp-content\/uploads\/2022\/08\/ostatni-wylot.jpg 363w, https:\/\/www.sslwrp.goleniow.net.pl\/wp-content\/uploads\/2022\/08\/ostatni-wylot-300x170.jpg 300w\" sizes=\"auto, (max-width: 363px) 100vw, 363px\" \/><\/a><figcaption class=\"wp-element-caption\"><strong>Ostatni start<\/strong><\/figcaption><\/figure>\n\n\n\n<figure class=\"wp-block-image size-large\"><a href=\"https:\/\/www.youtube.com\/watch?v=p2ohxNNAUIg\" target=\"_blank\" rel=\"noreferrer noopener\"><img loading=\"lazy\" decoding=\"async\" width=\"362\" height=\"205\" data-id=\"220\" src=\"https:\/\/www.sslwrp.goleniow.net.pl\/wp-content\/uploads\/2022\/08\/autostrada-1993.jpg\" alt=\"\" class=\"wp-image-220\" srcset=\"https:\/\/www.sslwrp.goleniow.net.pl\/wp-content\/uploads\/2022\/08\/autostrada-1993.jpg 362w, https:\/\/www.sslwrp.goleniow.net.pl\/wp-content\/uploads\/2022\/08\/autostrada-1993-300x170.jpg 300w\" sizes=\"auto, (max-width: 362px) 100vw, 362px\" \/><\/a><figcaption class=\"wp-element-caption\"><strong>Autostrada 1993<\/strong><\/figcaption><\/figure>\n<\/figure>\n","protected":false},"excerpt":{"rendered":"<p>ODDZIA\u0141 W GOLENIOWIE Po rozwi\u0105zaniu 2 plm &#8222;Krak\u00f3w&#8221; pozosta\u0142a w Goleniowie cz\u0119\u015b\u0107 oficer\u00f3w rezerwy d\u0105\u017cy\u0142a do utworzenia organizacji maj\u0105cej na celu integracj\u0119 \u015brodowiska. Dzi\u0119ki staraniom<\/p>\n","protected":false},"author":1,"featured_media":0,"parent":0,"menu_order":0,"comment_status":"closed","ping_status":"closed","template":"","meta":{"footnotes":""},"class_list":["post-104","page","type-page","status-publish","hentry"],"_links":{"self":[{"href":"https:\/\/www.sslwrp.goleniow.net.pl\/index.php?rest_route=\/wp\/v2\/pages\/104","targetHints":{"allow":["GET"]}}],"collection":[{"href":"https:\/\/www.sslwrp.goleniow.net.pl\/index.php?rest_route=\/wp\/v2\/pages"}],"about":[{"href":"https:\/\/www.sslwrp.goleniow.net.pl\/index.php?rest_route=\/wp\/v2\/types\/page"}],"author":[{"embeddable":true,"href":"https:\/\/www.sslwrp.goleniow.net.pl\/index.php?rest_route=\/wp\/v2\/users\/1"}],"replies":[{"embeddable":true,"href":"https:\/\/www.sslwrp.goleniow.net.pl\/index.php?rest_route=%2Fwp%2Fv2%2Fcomments&post=104"}],"version-history":[{"count":25,"href":"https:\/\/www.sslwrp.goleniow.net.pl\/index.php?rest_route=\/wp\/v2\/pages\/104\/revisions"}],"predecessor-version":[{"id":1808,"href":"https:\/\/www.sslwrp.goleniow.net.pl\/index.php?rest_route=\/wp\/v2\/pages\/104\/revisions\/1808"}],"wp:attachment":[{"href":"https:\/\/www.sslwrp.goleniow.net.pl\/index.php?rest_route=%2Fwp%2Fv2%2Fmedia&parent=104"}],"curies":[{"name":"wp","href":"https:\/\/api.w.org\/{rel}","templated":true}]}}

<div class="wp-block-buttons is-layout-flex wp-block-buttons-is-layout-flex">
<div class="wp-block-button has-custom-width wp-block-button__width-25 has-custom-font-size is-style-outline has-small-font-size is-style-outline--1"><a class="wp-block-button__link has-vivid-cyan-blue-color has-text-color wp-element-button" href="https://www.sslwrp.goleniow.net.pl/?page_id=477(otworzy się w nowej karcie)" style="border-radius:100px"><strong>Dokumenty do pobrania</strong></a></div>
</div>



<div style="height:100px" aria-hidden="true" class="wp-block-spacer"></div>



<h2 class="wp-block-heading has-text-align-center has-vivid-cyan-blue-color has-text-color"><strong><em>ODDZIAŁ W GOLENIOWIE</em></strong></h2>



<blockquote class="wp-block-quote has-medium-font-size is-layout-flow wp-block-quote-is-layout-flow">
<p>     <em>Po rozwiązaniu 2 plm &#8222;Kraków&#8221; pozostała w Goleniowie część oficerów rezerwy dążyła do utworzenia organizacji mającej na celu integrację środowiska. Dzięki staraniom kilku kolegów zawiązany został Komitet Założycielski, który doprowadził do powstania &#8211; w ramach ogólnokrajowego Stowarzyszenia &#8211; naszego Oddziału w Goleniowie. </em></p>



<p><em><strong>W dniu 08.06.2004r. odbyło się zebranie założycielskie</strong> w którym uczestniczyło 19 kolegów. Na podstawie Uchwały Nr. 24 Zarządu Głównego SSLWRP z dnia 05.10.2004r.&nbsp; został formalnie powołany Oddział Goleniowski.</em></p>



<p><em><strong>Pierwszym Prezesem Oddziału wybrany został kol. Jacek Adamczyk.</strong> Po wyborach w dniu 12.01.2007r. funkcję Prezesa Oddziału pełnił wybrany na to stanowisko kolega Władysław Puczko, a po Jego odejściu (zmarł 31.01.2013r.) obowiązki te na mocy uchwały zarządu do końca kadencji pełnił dotychczasowy wiceprezes kol. Zbigniew Skowroński. Walne zebranie Oddziału w dniu 12.XII.2014r. jednomyślnie prolongowało istniejące status quo na kolejną kadencję. Ponadto skład zarządu tworzą koledzy: Antoni Borys (sekretarz), Kazimierz Milewski (skarbnik), Maciej Przychodzień (rzecznik dyscyplinarny) oraz Antoni Budziński (członek zarządu) &#8211; stan na 23.08.2019r.</em></p>
</blockquote>



<h2 class="wp-block-heading has-text-align-center has-vivid-cyan-blue-color has-text-color" style="font-size:30px;font-style:italic;font-weight:700;text-transform:capitalize"><em>Zarząd Oddziału Goleniowskiego SSLW RP</em></h2>



<ul class="wp-block-list">
<li class="has-medium-font-size"><strong>Prezes </strong>                  &#8211; <em>Zbigniew Skowroński</em></li>



<li class="has-medium-font-size"><strong>Sekretarz</strong>              &#8211; <em>Antoni Borys</em></li>



<li class="has-medium-font-size"><strong>Skarbnik</strong>               &#8211; <em>Kazimierz Milewski</em></li>



<li class="has-medium-font-size"><strong>Rzecznik dysc</strong>.      &#8211; <em>Maciej Przychodzeń</em></li>



<li class="has-medium-font-size"><strong>Członek</strong> <strong>zarządu</strong>  &#8211; <em>Antoni Budziński</em></li>
</ul>



<figure class="wp-block-table has-medium-font-size"><table class="has-vivid-green-cyan-color has-text-color"><tbody><tr><td class="has-text-align-center" data-align="center"><strong>KRS &#8211; 0000089806</strong> <br><br><strong>Adres: &nbsp;&nbsp;STOWARZYSZENIE SENIORÓW LOTNICTWA WOJSKOWEGO RP</strong><br><strong>oddział w Goleniowie<br>Centrum Aktywności Lokalnej<br>ul. Wojska Polskiego 28&nbsp;</strong><br><strong>72-100 Goleniów</strong><br> <br><strong>e-mail:&nbsp; senlot@vp.pl</strong></td></tr></tbody></table></figure>



<p></p>



<p class="has-text-align-center has-vivid-cyan-blue-color has-text-color has-large-font-size"><em><strong>Filmy do obejrzenia na portalu YouTube</strong></em></p>



<figure class="wp-block-gallery has-nested-images columns-default is-cropped wp-block-gallery-2 is-layout-flex wp-block-gallery-is-layout-flex">
<figure class="wp-block-image size-large"><a href="https://www.youtube.com/watch?v=wAq0gu6tamQ" target="_blank" rel="noreferrer noopener"><img loading="lazy" decoding="async" width="362" height="205" data-id="228" src="https://www.sslwrp.goleniow.net.pl/wp-content/uploads/2022/08/autostrada-1992.jpg" alt="" class="wp-image-228" srcset="https://www.sslwrp.goleniow.net.pl/wp-content/uploads/2022/08/autostrada-1992.jpg 362w, https://www.sslwrp.goleniow.net.pl/wp-content/uploads/2022/08/autostrada-1992-300x170.jpg 300w" sizes="auto, (max-width: 362px) 100vw, 362px" /></a><figcaption class="wp-element-caption"><strong>Autostrada 1992</strong></figcaption></figure>



<figure class="wp-block-image size-large"><a href="https://www.youtube.com/watch?v=mX5_JeHTeJw" target="_blank" rel="noreferrer noopener"><img loading="lazy" decoding="async" width="362" height="205" data-id="224" src="https://www.sslwrp.goleniow.net.pl/wp-content/uploads/2022/08/weterani-dywizjonu-308.jpg" alt="" class="wp-image-224" srcset="https://www.sslwrp.goleniow.net.pl/wp-content/uploads/2022/08/weterani-dywizjonu-308.jpg 362w, https://www.sslwrp.goleniow.net.pl/wp-content/uploads/2022/08/weterani-dywizjonu-308-300x170.jpg 300w" sizes="auto, (max-width: 362px) 100vw, 362px" /></a><figcaption class="wp-element-caption"><strong>Odwiedziny Weteranów</strong></figcaption></figure>



<figure class="wp-block-image size-large"><a href="https://www.youtube.com/watch?v=B0CeWCY84VY" target="_blank" rel="noreferrer noopener"><img loading="lazy" decoding="async" width="361" height="205" data-id="223" src="https://www.sslwrp.goleniow.net.pl/wp-content/uploads/2022/08/sw-lotnictwa-2016.jpg" alt="" class="wp-image-223" srcset="https://www.sslwrp.goleniow.net.pl/wp-content/uploads/2022/08/sw-lotnictwa-2016.jpg 361w, https://www.sslwrp.goleniow.net.pl/wp-content/uploads/2022/08/sw-lotnictwa-2016-300x170.jpg 300w" sizes="auto, (max-width: 361px) 100vw, 361px" /></a><figcaption class="wp-element-caption"><strong>Święto Lotnictwo</strong> 2016</figcaption></figure>



<figure class="wp-block-image size-large"><a href="https://www.youtube.com/watch?v=ANukGB2QYi8" target="_blank" rel="noreferrer noopener"><img loading="lazy" decoding="async" width="363" height="206" data-id="222" src="https://www.sslwrp.goleniow.net.pl/wp-content/uploads/2022/08/pozegnanie-sztandaru.jpg" alt="" class="wp-image-222" srcset="https://www.sslwrp.goleniow.net.pl/wp-content/uploads/2022/08/pozegnanie-sztandaru.jpg 363w, https://www.sslwrp.goleniow.net.pl/wp-content/uploads/2022/08/pozegnanie-sztandaru-300x170.jpg 300w" sizes="auto, (max-width: 363px) 100vw, 363px" /></a><figcaption class="wp-element-caption"><strong>Pożegnanie Sztandaru</strong></figcaption></figure>



<figure class="wp-block-image size-large"><a href="https://www.youtube.com/watch?v=wAq0gu6tamQ" target="_blank" rel="noreferrer noopener"><img loading="lazy" decoding="async" width="363" height="206" data-id="221" src="https://www.sslwrp.goleniow.net.pl/wp-content/uploads/2022/08/ostatni-wylot.jpg" alt="" class="wp-image-221" srcset="https://www.sslwrp.goleniow.net.pl/wp-content/uploads/2022/08/ostatni-wylot.jpg 363w, https://www.sslwrp.goleniow.net.pl/wp-content/uploads/2022/08/ostatni-wylot-300x170.jpg 300w" sizes="auto, (max-width: 363px) 100vw, 363px" /></a><figcaption class="wp-element-caption"><strong>Ostatni start</strong></figcaption></figure>



<figure class="wp-block-image size-large"><a href="https://www.youtube.com/watch?v=p2ohxNNAUIg" target="_blank" rel="noreferrer noopener"><img loading="lazy" decoding="async" width="362" height="205" data-id="220" src="https://www.sslwrp.goleniow.net.pl/wp-content/uploads/2022/08/autostrada-1993.jpg" alt="" class="wp-image-220" srcset="https://www.sslwrp.goleniow.net.pl/wp-content/uploads/2022/08/autostrada-1993.jpg 362w, https://www.sslwrp.goleniow.net.pl/wp-content/uploads/2022/08/autostrada-1993-300x170.jpg 300w" sizes="auto, (max-width: 362px) 100vw, 362px" /></a><figcaption class="wp-element-caption"><strong>Autostrada 1993</strong></figcaption></figure>
</figure>

<p>ODDZIAŁ W GOLENIOWIE Po rozwiązaniu 2 plm &#8222;Kraków&#8221; pozostała w Goleniowie część oficerów rezerwy dążyła do utworzenia organizacji mającej na celu integrację środowiska. Dzięki staraniom</p>
